{"id":8,"date":"2021-10-01T20:33:50","date_gmt":"2021-10-01T18:33:50","guid":{"rendered":"https:\/\/www.kath-kirche-lb.de\/dreieinigkeit\/?page_id=8"},"modified":"2026-04-02T16:22:25","modified_gmt":"2026-04-02T14:22:25","slug":"pfarrbuero-team","status":"publish","type":"page","link":"https:\/\/www.kath-kirche-lb.de\/dreieinigkeit\/pfarrbuero-team\/","title":{"rendered":"Pfarrb\u00fcro &amp; Team"},"content":{"rendered":"\n<p>Pfarramtssekret\u00e4rinnen Jasmina Lorenz-Hinderer, Anna Lemejda, Wiltrud Reinhardt<\/p>\n\n\n\n<p>Tel.: (07141) 1411-600<br>Fax: (07141) 1411-690<br><a href=\"mailto:ZurHeiligstenDreieinigkeit.Ludwigsburg@drs.de\">ZurHeiligstenDreieinigkeit.Ludwigsburg@drs.de<\/a><\/p>\n\n\n\n<p><strong>Wichtiger Hinweis<\/strong>: Das Pfarrb\u00fcro ist vom 07.04.2026\u00a0 bis zum 17.04.2026 <br>nur am Montag, Dienstag, Mittwoch und Freitag von 9:30 &#8211; 12:00 Uhr ge\u00f6ffnet.<br>Ab 20.04.26 sind wir wieder wie gewohnt f\u00fcr Sie erreichbar.<\/p>\n\n\n\n<p><strong>\u00d6ffnungszeiten:<\/strong><\/p>\n\n\n\n<p>Montag &#8211; Freitag 9:30 &#8211; 12:00 Uhr<br>Montag 14:00 bis 16:00 Uhr<br>Dienstag &#8211; Donnerstag 14:30 &#8211; 18 Uhr<\/p>\n\n\n\n<p>Sie finden die Seite mit allen weiteren <a rel=\"noreferrer noopener\" href=\"https:\/\/www.kath-kirche-lb.de\/pfarrbuero\/\" target=\"_blank\">hauptamtlichen pastoralen Mitarbeiter*innen auf der Seite der katholischen Seelsorgeeinheit Ludwigsburg<\/a>.<\/p>\n\n\n\n<p><strong>Pfarramtskonto:<br><\/strong><br>Kirchenpflege<br>Kto. Nr. 5555 bei der KSK Ludwigsburg; BLZ 604 500 50<br>IBAN: DE82 6045 0050 0000 0055 55<br>BIC: SOLADES1LBG<br>Verwendungszweck: \u201cDreieinigkeitsgemeinde\u201d<\/p>\n\n\n\n<p><\/p>\n","protected":false},"excerpt":{"rendered":"<p>Pfarramtssekret\u00e4rinnen Jasmina Lorenz-Hinderer, Anna Lemejda, Wiltrud Reinhardt Tel.: (07141) 1411-600Fax: (07141) 1411-690ZurHeiligstenDreieinigkeit.Ludwigsburg@drs.de Wichtiger Hinweis: Das Pfarrb\u00fcro ist vom 07.04.2026\u00a0 bis zum 17.04.2026 nur am Montag, Dienstag, Mittwoch und Freitag von 9:30 &#8211; 12:00 Uhr ge\u00f6ffnet.Ab 20.04.26 sind wir wieder wie gewohnt f\u00fcr Sie erreichbar. \u00d6ffnungszeiten: Montag &#8211; Freitag 9:30 &#8211; 12:00 UhrMontag 14:00 bis 16:00 [&hellip;]<\/p>\n","protected":false},"author":1,"featured_media":0,"parent":0,"menu_order":0,"comment_status":"closed","ping_status":"closed","template":"","meta":{"footnotes":""},"class_list":["post-8","page","type-page","status-publish","hentry"],"_links":{"self":[{"href":"https:\/\/www.kath-kirche-lb.de\/dreieinigkeit\/wp-json\/wp\/v2\/pages\/8","targetHints":{"allow":["GET"]}}],"collection":[{"href":"https:\/\/www.kath-kirche-lb.de\/dreieinigkeit\/wp-json\/wp\/v2\/pages"}],"about":[{"href":"https:\/\/www.kath-kirche-lb.de\/dreieinigkeit\/wp-json\/wp\/v2\/types\/page"}],"author":[{"embeddable":true,"href":"https:\/\/www.kath-kirche-lb.de\/dreieinigkeit\/wp-json\/wp\/v2\/users\/1"}],"replies":[{"embeddable":true,"href":"https:\/\/www.kath-kirche-lb.de\/dreieinigkeit\/wp-json\/wp\/v2\/comments?post=8"}],"version-history":[{"count":10,"href":"https:\/\/www.kath-kirche-lb.de\/dreieinigkeit\/wp-json\/wp\/v2\/pages\/8\/revisions"}],"predecessor-version":[{"id":7917,"href":"https:\/\/www.kath-kirche-lb.de\/dreieinigkeit\/wp-json\/wp\/v2\/pages\/8\/revisions\/7917"}],"wp:attachment":[{"href":"https:\/\/www.kath-kirche-lb.de\/dreieinigkeit\/wp-json\/wp\/v2\/media?parent=8"}],"curies":[{"name":"wp","href":"https:\/\/api.w.org\/{rel}","templated":true}]}}