{"id":307,"date":"2025-10-01T16:43:33","date_gmt":"2025-10-01T14:43:33","guid":{"rendered":"https:\/\/www.kath-kirche-lb.de\/hkl\/?post_type=mec-events&#038;p=307"},"modified":"2026-03-21T09:33:50","modified_gmt":"2026-03-21T08:33:50","slug":"bibelgespraech","status":"publish","type":"mec-events","link":"https:\/\/www.kath-kirche-lb.de\/hkl\/events\/bibelgespraech\/","title":{"rendered":"Bibelgespr\u00e4ch"},"content":{"rendered":"<p>F\u00fcr alle Interessierten am gro\u00dfen Holztisch oder im Gartensaal.<\/p>\n","protected":false},"excerpt":{"rendered":"<p>F\u00fcr alle Interessierten am gro\u00dfen Holztisch oder im Gartensaal.<\/p>\n","protected":false},"author":20,"featured_media":241,"comment_status":"closed","ping_status":"closed","template":"","tags":[],"mec_category":[5],"class_list":["post-307","mec-events","type-mec-events","status-publish","has-post-thumbnail","hentry","mec_category-veranstaltung"],"_links":{"self":[{"href":"https:\/\/www.kath-kirche-lb.de\/hkl\/wp-json\/wp\/v2\/mec-events\/307","targetHints":{"allow":["GET"]}}],"collection":[{"href":"https:\/\/www.kath-kirche-lb.de\/hkl\/wp-json\/wp\/v2\/mec-events"}],"about":[{"href":"https:\/\/www.kath-kirche-lb.de\/hkl\/wp-json\/wp\/v2\/types\/mec-events"}],"author":[{"embeddable":true,"href":"https:\/\/www.kath-kirche-lb.de\/hkl\/wp-json\/wp\/v2\/users\/20"}],"replies":[{"embeddable":true,"href":"https:\/\/www.kath-kirche-lb.de\/hkl\/wp-json\/wp\/v2\/comments?post=307"}],"wp:featuredmedia":[{"embeddable":true,"href":"https:\/\/www.kath-kirche-lb.de\/hkl\/wp-json\/wp\/v2\/media\/241"}],"wp:attachment":[{"href":"https:\/\/www.kath-kirche-lb.de\/hkl\/wp-json\/wp\/v2\/media?parent=307"}],"wp:term":[{"taxonomy":"post_tag","embeddable":true,"href":"https:\/\/www.kath-kirche-lb.de\/hkl\/wp-json\/wp\/v2\/tags?post=307"},{"taxonomy":"mec_category","embeddable":true,"href":"https:\/\/www.kath-kirche-lb.de\/hkl\/wp-json\/wp\/v2\/mec_category?post=307"}],"curies":[{"name":"wp","href":"https:\/\/api.w.org\/{rel}","templated":true}]}}

Bibelgespräch

<p>Für alle Interessierten am großen Holztisch oder im Gartensaal.</p>
