{"id":310,"date":"2025-10-01T16:48:47","date_gmt":"2025-10-01T14:48:47","guid":{"rendered":"https:\/\/www.kath-kirche-lb.de\/hkl\/?post_type=mec-events&#038;p=310"},"modified":"2026-03-21T09:44:02","modified_gmt":"2026-03-21T08:44:02","slug":"franziskustreff","status":"publish","type":"mec-events","link":"https:\/\/www.kath-kirche-lb.de\/hkl\/events\/franziskustreff\/","title":{"rendered":"Franziskustreff"},"content":{"rendered":"<p>Nach Kaffee und Kuchen sprechen wir \u00fcber ein Thema aus der franziskanischen Spiritualit\u00e4t. F\u00fcr alle Interessierten.<\/p>\n<p>Uhrzeit: 15.30 Uhr im Gartensaal<\/p>\n<p><a href=\"https:\/\/commons.wikimedia.org\/wiki\/Category:Francis_of_Assisi?uselang=de\">Bildnachweis<\/a><\/p>\n","protected":false},"excerpt":{"rendered":"<p>Nach Kaffee und Kuchen sprechen wir \u00fcber ein Thema aus der franziskanischen Spiritualit\u00e4t. F\u00fcr alle Interessierten. Uhrzeit: 15.30 Uhr im Gartensaal Bildnachweis<\/p>\n","protected":false},"author":20,"featured_media":405,"comment_status":"closed","ping_status":"closed","template":"","tags":[],"mec_category":[5],"class_list":["post-310","mec-events","type-mec-events","status-publish","has-post-thumbnail","hentry","mec_category-veranstaltung"],"_links":{"self":[{"href":"https:\/\/www.kath-kirche-lb.de\/hkl\/wp-json\/wp\/v2\/mec-events\/310","targetHints":{"allow":["GET"]}}],"collection":[{"href":"https:\/\/www.kath-kirche-lb.de\/hkl\/wp-json\/wp\/v2\/mec-events"}],"about":[{"href":"https:\/\/www.kath-kirche-lb.de\/hkl\/wp-json\/wp\/v2\/types\/mec-events"}],"author":[{"embeddable":true,"href":"https:\/\/www.kath-kirche-lb.de\/hkl\/wp-json\/wp\/v2\/users\/20"}],"replies":[{"embeddable":true,"href":"https:\/\/www.kath-kirche-lb.de\/hkl\/wp-json\/wp\/v2\/comments?post=310"}],"wp:featuredmedia":[{"embeddable":true,"href":"https:\/\/www.kath-kirche-lb.de\/hkl\/wp-json\/wp\/v2\/media\/405"}],"wp:attachment":[{"href":"https:\/\/www.kath-kirche-lb.de\/hkl\/wp-json\/wp\/v2\/media?parent=310"}],"wp:term":[{"taxonomy":"post_tag","embeddable":true,"href":"https:\/\/www.kath-kirche-lb.de\/hkl\/wp-json\/wp\/v2\/tags?post=310"},{"taxonomy":"mec_category","embeddable":true,"href":"https:\/\/www.kath-kirche-lb.de\/hkl\/wp-json\/wp\/v2\/mec_category?post=310"}],"curies":[{"name":"wp","href":"https:\/\/api.w.org\/{rel}","templated":true}]}}

<p>Nach Kaffee und Kuchen sprechen wir über ein Thema aus der franziskanischen Spiritualität. Für alle Interessierten.</p>
<p>Uhrzeit: 15.30 Uhr im Gartensaal</p>
<p><a href="https://commons.wikimedia.org/wiki/Category:Francis_of_Assisi?uselang=de">Bildnachweis</a></p>

<p>Nach Kaffee und Kuchen sprechen wir über ein Thema aus der franziskanischen Spiritualität. Für alle Interessierten. Uhrzeit: 15.30 Uhr im Gartensaal Bildnachweis</p>
