{"id":326,"date":"2025-11-05T07:36:15","date_gmt":"2025-11-05T06:36:15","guid":{"rendered":"https:\/\/www.kath-kirche-lb.de\/hkl\/?post_type=mec-events&#038;p=326"},"modified":"2025-11-05T07:50:31","modified_gmt":"2025-11-05T06:50:31","slug":"nacht-gegen-die-einsamkeit-upcycling-workshop","status":"publish","type":"mec-events","link":"https:\/\/www.kath-kirche-lb.de\/hkl\/events\/nacht-gegen-die-einsamkeit-upcycling-workshop\/","title":{"rendered":"Nacht gegen die Einsamkeit \/ Upcycling Workshop"},"content":{"rendered":"<p><img loading=\"lazy\" decoding=\"async\" class=\"alignnone size-medium wp-image-327\" src=\"https:\/\/www.kath-kirche-lb.de\/hkl\/wp-content\/uploads\/sites\/9\/2025\/11\/Vorderseite_Flyer_Upcycling_Nacht-gegen-Einsamkeit-300x300.png\" alt=\"\" width=\"300\" height=\"300\" srcset=\"https:\/\/www.kath-kirche-lb.de\/hkl\/wp-content\/uploads\/sites\/9\/2025\/11\/Vorderseite_Flyer_Upcycling_Nacht-gegen-Einsamkeit-300x300.png 300w, https:\/\/www.kath-kirche-lb.de\/hkl\/wp-content\/uploads\/sites\/9\/2025\/11\/Vorderseite_Flyer_Upcycling_Nacht-gegen-Einsamkeit-1024x1024.png 1024w, https:\/\/www.kath-kirche-lb.de\/hkl\/wp-content\/uploads\/sites\/9\/2025\/11\/Vorderseite_Flyer_Upcycling_Nacht-gegen-Einsamkeit-150x150.png 150w, https:\/\/www.kath-kirche-lb.de\/hkl\/wp-content\/uploads\/sites\/9\/2025\/11\/Vorderseite_Flyer_Upcycling_Nacht-gegen-Einsamkeit-768x768.png 768w, https:\/\/www.kath-kirche-lb.de\/hkl\/wp-content\/uploads\/sites\/9\/2025\/11\/Vorderseite_Flyer_Upcycling_Nacht-gegen-Einsamkeit-500x500.png 500w, https:\/\/www.kath-kirche-lb.de\/hkl\/wp-content\/uploads\/sites\/9\/2025\/11\/Vorderseite_Flyer_Upcycling_Nacht-gegen-Einsamkeit-1536x1536.png 1536w, https:\/\/www.kath-kirche-lb.de\/hkl\/wp-content\/uploads\/sites\/9\/2025\/11\/Vorderseite_Flyer_Upcycling_Nacht-gegen-Einsamkeit-2048x2048.png 2048w\" sizes=\"auto, (max-width: 300px) 100vw, 300px\" \/><\/p>\n<p><strong>Upcycling-Workshop f\u00fcr alle: Textildruck &#8211; kreativ, nachhaltig, inklusiv<\/strong><\/p>\n<p>Unser Upcycling-Workshop l\u00e4dt Menschen mit und ohne Behinderung zum gemeinsamen Gestalten ein. Der Raum ist barrierefrei zug\u00e4nglich und alle Materialien sind einfach zu handhaben &#8211; so kann jede*r mitmachen und kreativ werden!<\/p>\n<p>Hier hast Du die M\u00f6glichkeit, alte T-Shirt, Tragetaschen, Hemden, Hosen oder Tischdecken in einzigartige Kunstwerke zu verwandeln Gemeinsam gestalten wir individuelle Stempel aus verschiedenen Materialien &#8211; sogar aus altem Gem\u00fcse lassen sich tolle Designs zaubern! Oder du malst einfach Freiand.<\/p>\n<p>Bring deine eigenen Baumwollst\u00fccke mit, die zum B\u00fcglen geeignet sind oder lasse Dich aus unserem Fundus inspirieren. F\u00fcr Personen mit und ohne Vorkenntnisse, f\u00fcr jedes Alter, als Geschenk oder zum selbst ttragen. Dieser Workshop richtet sich an alle, die Spa\u00df daran haben, Neues zu gestalten und nachhaltige Dinge zu kreieren.<\/p>\n<p>Bitte melden Sie sich an, die Pl\u00e4tze sind begrenzt. <a href=\"mailto:i-schieron@tragwerk-lb.de\">i-schieron@tragwerk-lb.de<\/a><\/p>\n<p>Der Workshop ist kostenlos. \u00dcber eine Spende vor Ort freuen wir uns dennoch.<\/p>\n<p>Der Workshop ist Teil der <a href=\"https:\/\/www.swr.de\/specials\/exit-einsamkeit\/index.html\">Aktion &#8222;Nacht gegen die Einsamkeit&#8220;<\/a> des SWR.<\/p>\n","protected":false},"excerpt":{"rendered":"<p>Upcycling-Workshop f\u00fcr alle: Textildruck &#8211; kreativ, nachhaltig, inklusiv Unser Upcycling-Workshop l\u00e4dt Menschen mit und ohne Behinderung zum gemeinsamen Gestalten ein. Der Raum ist barrierefrei zug\u00e4nglich und alle Materialien sind einfach zu handhaben &#8211; so kann jede*r mitmachen und kreativ werden! Hier hast Du die M\u00f6glichkeit, alte T-Shirt, Tragetaschen, Hemden, Hosen oder Tischdecken in einzigartige Kunstwerke [&hellip;]<\/p>\n","protected":false},"author":20,"featured_media":327,"comment_status":"closed","ping_status":"closed","template":"","tags":[],"mec_category":[5],"class_list":["post-326","mec-events","type-mec-events","status-publish","has-post-thumbnail","hentry","mec_category-veranstaltung"],"_links":{"self":[{"href":"https:\/\/www.kath-kirche-lb.de\/hkl\/wp-json\/wp\/v2\/mec-events\/326","targetHints":{"allow":["GET"]}}],"collection":[{"href":"https:\/\/www.kath-kirche-lb.de\/hkl\/wp-json\/wp\/v2\/mec-events"}],"about":[{"href":"https:\/\/www.kath-kirche-lb.de\/hkl\/wp-json\/wp\/v2\/types\/mec-events"}],"author":[{"embeddable":true,"href":"https:\/\/www.kath-kirche-lb.de\/hkl\/wp-json\/wp\/v2\/users\/20"}],"replies":[{"embeddable":true,"href":"https:\/\/www.kath-kirche-lb.de\/hkl\/wp-json\/wp\/v2\/comments?post=326"}],"wp:featuredmedia":[{"embeddable":true,"href":"https:\/\/www.kath-kirche-lb.de\/hkl\/wp-json\/wp\/v2\/media\/327"}],"wp:attachment":[{"href":"https:\/\/www.kath-kirche-lb.de\/hkl\/wp-json\/wp\/v2\/media?parent=326"}],"wp:term":[{"taxonomy":"post_tag","embeddable":true,"href":"https:\/\/www.kath-kirche-lb.de\/hkl\/wp-json\/wp\/v2\/tags?post=326"},{"taxonomy":"mec_category","embeddable":true,"href":"https:\/\/www.kath-kirche-lb.de\/hkl\/wp-json\/wp\/v2\/mec_category?post=326"}],"curies":[{"name":"wp","href":"https:\/\/api.w.org\/{rel}","templated":true}]}}

<p><img loading="lazy" decoding="async" class="alignnone size-medium wp-image-327" src="https://www.kath-kirche-lb.de/hkl/wp-content/uploads/sites/9/2025/11/Vorderseite_Flyer_Upcycling_Nacht-gegen-Einsamkeit-300x300.png" alt="" width="300" height="300" srcset="https://www.kath-kirche-lb.de/hkl/wp-content/uploads/sites/9/2025/11/Vorderseite_Flyer_Upcycling_Nacht-gegen-Einsamkeit-300x300.png 300w, https://www.kath-kirche-lb.de/hkl/wp-content/uploads/sites/9/2025/11/Vorderseite_Flyer_Upcycling_Nacht-gegen-Einsamkeit-1024x1024.png 1024w, https://www.kath-kirche-lb.de/hkl/wp-content/uploads/sites/9/2025/11/Vorderseite_Flyer_Upcycling_Nacht-gegen-Einsamkeit-150x150.png 150w, https://www.kath-kirche-lb.de/hkl/wp-content/uploads/sites/9/2025/11/Vorderseite_Flyer_Upcycling_Nacht-gegen-Einsamkeit-768x768.png 768w, https://www.kath-kirche-lb.de/hkl/wp-content/uploads/sites/9/2025/11/Vorderseite_Flyer_Upcycling_Nacht-gegen-Einsamkeit-500x500.png 500w, https://www.kath-kirche-lb.de/hkl/wp-content/uploads/sites/9/2025/11/Vorderseite_Flyer_Upcycling_Nacht-gegen-Einsamkeit-1536x1536.png 1536w, https://www.kath-kirche-lb.de/hkl/wp-content/uploads/sites/9/2025/11/Vorderseite_Flyer_Upcycling_Nacht-gegen-Einsamkeit-2048x2048.png 2048w" sizes="auto, (max-width: 300px) 100vw, 300px" /></p>
<p><strong>Upcycling-Workshop für alle: Textildruck &#8211; kreativ, nachhaltig, inklusiv</strong></p>
<p>Unser Upcycling-Workshop lädt Menschen mit und ohne Behinderung zum gemeinsamen Gestalten ein. Der Raum ist barrierefrei zugänglich und alle Materialien sind einfach zu handhaben &#8211; so kann jede*r mitmachen und kreativ werden!</p>
<p>Hier hast Du die Möglichkeit, alte T-Shirt, Tragetaschen, Hemden, Hosen oder Tischdecken in einzigartige Kunstwerke zu verwandeln Gemeinsam gestalten wir individuelle Stempel aus verschiedenen Materialien &#8211; sogar aus altem Gemüse lassen sich tolle Designs zaubern! Oder du malst einfach Freiand.</p>
<p>Bring deine eigenen Baumwollstücke mit, die zum Büglen geeignet sind oder lasse Dich aus unserem Fundus inspirieren. Für Personen mit und ohne Vorkenntnisse, für jedes Alter, als Geschenk oder zum selbst ttragen. Dieser Workshop richtet sich an alle, die Spaß daran haben, Neues zu gestalten und nachhaltige Dinge zu kreieren.</p>
<p>Bitte melden Sie sich an, die Plätze sind begrenzt. <a href="mailto:i-schieron@tragwerk-lb.de">i-schieron@tragwerk-lb.de</a></p>
<p>Der Workshop ist kostenlos. Über eine Spende vor Ort freuen wir uns dennoch.</p>
<p>Der Workshop ist Teil der <a href="https://www.swr.de/specials/exit-einsamkeit/index.html">Aktion &#8222;Nacht gegen die Einsamkeit&#8220;</a> des SWR.</p>

<p>Upcycling-Workshop für alle: Textildruck &#8211; kreativ, nachhaltig, inklusiv Unser Upcycling-Workshop lädt Menschen mit und ohne Behinderung zum gemeinsamen Gestalten ein. Der Raum ist barrierefrei zugänglich und alle Materialien sind einfach zu handhaben &#8211; so kann jede*r mitmachen und kreativ werden! Hier hast Du die Möglichkeit, alte T-Shirt, Tragetaschen, Hemden, Hosen oder Tischdecken in einzigartige Kunstwerke [&hellip;]</p>
