{"id":370,"date":"2026-01-24T08:09:34","date_gmt":"2026-01-24T07:09:34","guid":{"rendered":"https:\/\/www.kath-kirche-lb.de\/hkl\/?post_type=mec-events&#038;p=370"},"modified":"2026-03-27T19:53:42","modified_gmt":"2026-03-27T18:53:42","slug":"hier-faengt-die-zukunft-an-mitmachen","status":"publish","type":"mec-events","link":"https:\/\/www.kath-kirche-lb.de\/hkl\/events\/hier-faengt-die-zukunft-an-mitmachen\/","title":{"rendered":"Hier f\u00e4ngt die Zukunft an &#8211; Mitmachen!"},"content":{"rendered":"<p><b>Herzlicher Aufruf zum Mitmachen, <\/b>\u201e<b>Engagement f\u00fcr Menschen und Umwelt vor Ort\u201c, <\/b><\/p>\n<p>Wir wollen uns k\u00fcmmern:<\/p>\n<p>Um Menschen, die Natur, das Klima, die Pflanzen- und Tierwelt. Mit der \u00dcberzeugung zusammen gelingt Ver\u00e4nderung, zusammen gelingt eine Zukunft f\u00fcr uns alle. Mit Tatkraft, Freude und Zuversicht, mit grenzenlosem Enthusiasmus und einem weiten Herzen. <span style=\"color: #242021;\">F\u00fcr eine gemeinsame Welt ohne sie zu sch\u00e4digen. <\/span>Hier, jetzt und vor Ort!<\/p>\n<p><b>Gestalten Sie Zukunft mit und kommen Sie zum (unverbindlichen) Treffen!<\/b><\/p>\n<p><b>Wo?<\/b> Holztisch im Haus der Kath. Kirch.<\/p>\n<p>Keine Zeit an diesem Tag?<\/p>\n<p>Gerne melden unter 07141 \/ 1411-610 (AB) bei Karin Freibichler<\/p>\n<p>(Referentin Sozialraum Stadt\/Citypastoral im Haus der Katholischen Kirche).<\/p>\n<p>Alle Generationen willkommen. <b>Gemeinsam k\u00f6nnen wir etwas bewegen! <\/b><\/p>\n","protected":false},"excerpt":{"rendered":"<p>Herzlicher Aufruf zum Mitmachen, \u201eEngagement f\u00fcr Menschen und Umwelt vor Ort\u201c, Wir wollen uns k\u00fcmmern: Um Menschen, die Natur, das Klima, die Pflanzen- und Tierwelt. Mit der \u00dcberzeugung zusammen gelingt Ver\u00e4nderung, zusammen gelingt eine Zukunft f\u00fcr uns alle. Mit Tatkraft, Freude und Zuversicht, mit grenzenlosem Enthusiasmus und einem weiten Herzen. F\u00fcr eine gemeinsame Welt ohne [&hellip;]<\/p>\n","protected":false},"author":20,"featured_media":388,"comment_status":"closed","ping_status":"closed","template":"","tags":[],"mec_category":[5],"class_list":["post-370","mec-events","type-mec-events","status-publish","has-post-thumbnail","hentry","mec_category-veranstaltung"],"_links":{"self":[{"href":"https:\/\/www.kath-kirche-lb.de\/hkl\/wp-json\/wp\/v2\/mec-events\/370","targetHints":{"allow":["GET"]}}],"collection":[{"href":"https:\/\/www.kath-kirche-lb.de\/hkl\/wp-json\/wp\/v2\/mec-events"}],"about":[{"href":"https:\/\/www.kath-kirche-lb.de\/hkl\/wp-json\/wp\/v2\/types\/mec-events"}],"author":[{"embeddable":true,"href":"https:\/\/www.kath-kirche-lb.de\/hkl\/wp-json\/wp\/v2\/users\/20"}],"replies":[{"embeddable":true,"href":"https:\/\/www.kath-kirche-lb.de\/hkl\/wp-json\/wp\/v2\/comments?post=370"}],"wp:featuredmedia":[{"embeddable":true,"href":"https:\/\/www.kath-kirche-lb.de\/hkl\/wp-json\/wp\/v2\/media\/388"}],"wp:attachment":[{"href":"https:\/\/www.kath-kirche-lb.de\/hkl\/wp-json\/wp\/v2\/media?parent=370"}],"wp:term":[{"taxonomy":"post_tag","embeddable":true,"href":"https:\/\/www.kath-kirche-lb.de\/hkl\/wp-json\/wp\/v2\/tags?post=370"},{"taxonomy":"mec_category","embeddable":true,"href":"https:\/\/www.kath-kirche-lb.de\/hkl\/wp-json\/wp\/v2\/mec_category?post=370"}],"curies":[{"name":"wp","href":"https:\/\/api.w.org\/{rel}","templated":true}]}}

Hier fängt die Zukunft an &#8211; Mitmachen!

<p><b>Herzlicher Aufruf zum Mitmachen, </b>„<b>Engagement für Menschen und Umwelt vor Ort“, </b></p>
<p>Wir wollen uns kümmern:</p>
<p>Um Menschen, die Natur, das Klima, die Pflanzen- und Tierwelt. Mit der Überzeugung zusammen gelingt Veränderung, zusammen gelingt eine Zukunft für uns alle. Mit Tatkraft, Freude und Zuversicht, mit grenzenlosem Enthusiasmus und einem weiten Herzen. <span style="color: #242021;">Für eine gemeinsame Welt ohne sie zu schädigen. </span>Hier, jetzt und vor Ort!</p>
<p><b>Gestalten Sie Zukunft mit und kommen Sie zum (unverbindlichen) Treffen!</b></p>
<p><b>Wo?</b> Holztisch im Haus der Kath. Kirch.</p>
<p>Keine Zeit an diesem Tag?</p>
<p>Gerne melden unter 07141 / 1411-610 (AB) bei Karin Freibichler</p>
<p>(Referentin Sozialraum Stadt/Citypastoral im Haus der Katholischen Kirche).</p>
<p>Alle Generationen willkommen. <b>Gemeinsam können wir etwas bewegen! </b></p>

<p>Herzlicher Aufruf zum Mitmachen, „Engagement für Menschen und Umwelt vor Ort“, Wir wollen uns kümmern: Um Menschen, die Natur, das Klima, die Pflanzen- und Tierwelt. Mit der Überzeugung zusammen gelingt Veränderung, zusammen gelingt eine Zukunft für uns alle. Mit Tatkraft, Freude und Zuversicht, mit grenzenlosem Enthusiasmus und einem weiten Herzen. Für eine gemeinsame Welt ohne [&hellip;]</p>
