{"id":4121,"date":"2021-10-07T16:27:45","date_gmt":"2021-10-07T14:27:45","guid":{"rendered":"https:\/\/www.kath-kirche-lb.de\/st-elisabeth\/?page_id=4121"},"modified":"2026-02-05T17:40:10","modified_gmt":"2026-02-05T16:40:10","slug":"kirchengemeinderat","status":"publish","type":"page","link":"https:\/\/www.kath-kirche-lb.de\/st-elisabeth\/kirche-pfarrburo\/kirchengemeinderat\/","title":{"rendered":"Kirchengemeinderat"},"content":{"rendered":"\n<p>Der Kirchengemeinderat St. Elisabeth besteht momentan aus 5 gew\u00e4hlten Mitgliedern und einem beratenden Mitglied:<\/p>\n\n\n\n<figure class=\"wp-block-image size-large is-resized\"><img loading=\"lazy\" decoding=\"async\" width=\"1024\" height=\"768\" src=\"https:\/\/www.kath-kirche-lb.de\/st-elisabeth\/wp-content\/uploads\/sites\/7\/2025\/05\/IMG_33481-1024x768.jpg\" alt=\"\" class=\"wp-image-8659\" style=\"width:606px;height:auto\" srcset=\"https:\/\/www.kath-kirche-lb.de\/st-elisabeth\/wp-content\/uploads\/sites\/7\/2025\/05\/IMG_33481-1024x768.jpg 1024w, https:\/\/www.kath-kirche-lb.de\/st-elisabeth\/wp-content\/uploads\/sites\/7\/2025\/05\/IMG_33481-300x225.jpg 300w, https:\/\/www.kath-kirche-lb.de\/st-elisabeth\/wp-content\/uploads\/sites\/7\/2025\/05\/IMG_33481-768x576.jpg 768w, https:\/\/www.kath-kirche-lb.de\/st-elisabeth\/wp-content\/uploads\/sites\/7\/2025\/05\/IMG_33481-1536x1152.jpg 1536w, https:\/\/www.kath-kirche-lb.de\/st-elisabeth\/wp-content\/uploads\/sites\/7\/2025\/05\/IMG_33481-2048x1536.jpg 2048w\" sizes=\"auto, (max-width: 1024px) 100vw, 1024px\" \/><\/figure>\n\n\n\n<p>Martino Di Franco (Gew\u00e4hlter Vorsitzender)<br>Mary Chrissty<br>Maria Del Buono<br>Dijana Hordi <br>Manuela Zollh\u00f6fer<br>Nicole Weller (beratend)<br>Diakon Andreas Greis (Pastorale Ansprechperson) und <br>Pfr. Dr. Alois Krist (Ernannter Vorsitz)<\/p>\n\n\n\n<p><\/p>\n","protected":false},"excerpt":{"rendered":"<p>Der Kirchengemeinderat St. Elisabeth besteht momentan aus 5 gew\u00e4hlten Mitgliedern und einem beratenden Mitglied: Martino Di Franco (Gew\u00e4hlter Vorsitzender)Mary ChrisstyMaria Del BuonoDijana Hordi Manuela Zollh\u00f6ferNicole Weller (beratend)Diakon Andreas Greis (Pastorale Ansprechperson) und Pfr. Dr. Alois Krist (Ernannter Vorsitz)<\/p>\n","protected":false},"author":3,"featured_media":0,"parent":445,"menu_order":1,"comment_status":"closed","ping_status":"closed","template":"","meta":{"footnotes":""},"class_list":["post-4121","page","type-page","status-publish","hentry"],"_links":{"self":[{"href":"https:\/\/www.kath-kirche-lb.de\/st-elisabeth\/wp-json\/wp\/v2\/pages\/4121","targetHints":{"allow":["GET"]}}],"collection":[{"href":"https:\/\/www.kath-kirche-lb.de\/st-elisabeth\/wp-json\/wp\/v2\/pages"}],"about":[{"href":"https:\/\/www.kath-kirche-lb.de\/st-elisabeth\/wp-json\/wp\/v2\/types\/page"}],"author":[{"embeddable":true,"href":"https:\/\/www.kath-kirche-lb.de\/st-elisabeth\/wp-json\/wp\/v2\/users\/3"}],"replies":[{"embeddable":true,"href":"https:\/\/www.kath-kirche-lb.de\/st-elisabeth\/wp-json\/wp\/v2\/comments?post=4121"}],"version-history":[{"count":5,"href":"https:\/\/www.kath-kirche-lb.de\/st-elisabeth\/wp-json\/wp\/v2\/pages\/4121\/revisions"}],"predecessor-version":[{"id":8730,"href":"https:\/\/www.kath-kirche-lb.de\/st-elisabeth\/wp-json\/wp\/v2\/pages\/4121\/revisions\/8730"}],"up":[{"embeddable":true,"href":"https:\/\/www.kath-kirche-lb.de\/st-elisabeth\/wp-json\/wp\/v2\/pages\/445"}],"wp:attachment":[{"href":"https:\/\/www.kath-kirche-lb.de\/st-elisabeth\/wp-json\/wp\/v2\/media?parent=4121"}],"curies":[{"name":"wp","href":"https:\/\/api.w.org\/{rel}","templated":true}]}}