{"id":104,"date":"2021-10-02T14:59:10","date_gmt":"2021-10-02T12:59:10","guid":{"rendered":"https:\/\/www.kath-kirche-lb.de\/st-thomas-und-johannes\/?page_id=104"},"modified":"2026-04-29T20:10:28","modified_gmt":"2026-04-29T18:10:28","slug":"bastel-gespraechskreis","status":"publish","type":"page","link":"https:\/\/www.kath-kirche-lb.de\/st-thomas-und-johannes\/lebendige-gemeinde\/bastel-gespraechskreis\/","title":{"rendered":"Bastel &amp; Gespr\u00e4chskreis"},"content":{"rendered":"\n<div class=\"wp-block-media-text alignwide is-stacked-on-mobile is-vertically-aligned-top\" style=\"grid-template-columns:26% auto\"><figure class=\"wp-block-media-text__media\"><img loading=\"lazy\" decoding=\"async\" width=\"768\" height=\"1024\" src=\"https:\/\/www.kath-kirche-lb.de\/st-thomas-und-johannes\/wp-content\/uploads\/sites\/8\/2022\/02\/PHOTO-2022-02-20-18-53-47-003-768x1024.jpg\" alt=\"\" class=\"wp-image-3273 size-full\" srcset=\"https:\/\/www.kath-kirche-lb.de\/st-thomas-und-johannes\/wp-content\/uploads\/sites\/8\/2022\/02\/PHOTO-2022-02-20-18-53-47-003-768x1024.jpg 768w, https:\/\/www.kath-kirche-lb.de\/st-thomas-und-johannes\/wp-content\/uploads\/sites\/8\/2022\/02\/PHOTO-2022-02-20-18-53-47-003-225x300.jpg 225w, https:\/\/www.kath-kirche-lb.de\/st-thomas-und-johannes\/wp-content\/uploads\/sites\/8\/2022\/02\/PHOTO-2022-02-20-18-53-47-003-300x400.jpg 300w, https:\/\/www.kath-kirche-lb.de\/st-thomas-und-johannes\/wp-content\/uploads\/sites\/8\/2022\/02\/PHOTO-2022-02-20-18-53-47-003-1152x1536.jpg 1152w, https:\/\/www.kath-kirche-lb.de\/st-thomas-und-johannes\/wp-content\/uploads\/sites\/8\/2022\/02\/PHOTO-2022-02-20-18-53-47-003.jpg 1200w\" sizes=\"auto, (max-width: 768px) 100vw, 768px\" \/><\/figure><div class=\"wp-block-media-text__content\">\n<p>Aktuell besteht der Bastelkreis aus acht aktiven Frauen. Es werden Osterkerzen, Palmb\u00fcschel, Adventsgestecke und verschiedene andere Basteleien erstellt und auf unterschiedlichen Bazaren \u2013 wie z. B. dem Gemeindefest \u2013 verkauft. Der Erl\u00f6s kommt bed\u00fcrftigen Gruppen aus der Region zugute.<\/p>\n\n\n\n<p>Gemeinsam werden aber auch Ausfl\u00fcge, Grillfeste oder andere freundschaftliche Zusammenk\u00fcnfte veranstaltet.<\/p>\n\n\n\n<p>Die Treffen finden <strong> montags von 14:30 &#8211; 16:30 Uhr im Saal unter der Kirche St. Thomas Morus<\/strong> statt.<\/p>\n\n\n\n<p>N\u00e4chster Termin: 11.05.26<\/p>\n\n\n\n<p>Ansprechpartnerin: Winni Hanus Tel. 07141\/31387<\/p>\n<\/div><\/div>\n","protected":false},"excerpt":{"rendered":"<p>Aktuell besteht der Bastelkreis aus acht aktiven Frauen. Es werden Osterkerzen, Palmb\u00fcschel, Adventsgestecke und verschiedene andere Basteleien erstellt und auf unterschiedlichen Bazaren \u2013 wie z. B. dem Gemeindefest \u2013 verkauft. Der Erl\u00f6s kommt bed\u00fcrftigen Gruppen aus der Region zugute. Gemeinsam werden aber auch Ausfl\u00fcge, Grillfeste oder andere freundschaftliche Zusammenk\u00fcnfte veranstaltet. Die Treffen finden montags von [&hellip;]<\/p>\n","protected":false},"author":1,"featured_media":0,"parent":51,"menu_order":0,"comment_status":"closed","ping_status":"closed","template":"","meta":{"footnotes":""},"class_list":["post-104","page","type-page","status-publish","hentry"],"_links":{"self":[{"href":"https:\/\/www.kath-kirche-lb.de\/st-thomas-und-johannes\/wp-json\/wp\/v2\/pages\/104","targetHints":{"allow":["GET"]}}],"collection":[{"href":"https:\/\/www.kath-kirche-lb.de\/st-thomas-und-johannes\/wp-json\/wp\/v2\/pages"}],"about":[{"href":"https:\/\/www.kath-kirche-lb.de\/st-thomas-und-johannes\/wp-json\/wp\/v2\/types\/page"}],"author":[{"embeddable":true,"href":"https:\/\/www.kath-kirche-lb.de\/st-thomas-und-johannes\/wp-json\/wp\/v2\/users\/1"}],"replies":[{"embeddable":true,"href":"https:\/\/www.kath-kirche-lb.de\/st-thomas-und-johannes\/wp-json\/wp\/v2\/comments?post=104"}],"version-history":[{"count":43,"href":"https:\/\/www.kath-kirche-lb.de\/st-thomas-und-johannes\/wp-json\/wp\/v2\/pages\/104\/revisions"}],"predecessor-version":[{"id":11308,"href":"https:\/\/www.kath-kirche-lb.de\/st-thomas-und-johannes\/wp-json\/wp\/v2\/pages\/104\/revisions\/11308"}],"up":[{"embeddable":true,"href":"https:\/\/www.kath-kirche-lb.de\/st-thomas-und-johannes\/wp-json\/wp\/v2\/pages\/51"}],"wp:attachment":[{"href":"https:\/\/www.kath-kirche-lb.de\/st-thomas-und-johannes\/wp-json\/wp\/v2\/media?parent=104"}],"curies":[{"name":"wp","href":"https:\/\/api.w.org\/{rel}","templated":true}]}}