{"id":108,"date":"2021-10-02T15:00:02","date_gmt":"2021-10-02T13:00:02","guid":{"rendered":"https:\/\/www.kath-kirche-lb.de\/st-thomas-und-johannes\/?page_id=108"},"modified":"2026-03-20T11:15:12","modified_gmt":"2026-03-20T10:15:12","slug":"soziale-einrichtungen","status":"publish","type":"page","link":"https:\/\/www.kath-kirche-lb.de\/st-thomas-und-johannes\/lebendige-gemeinde\/soziale-einrichtungen\/","title":{"rendered":"Soziale Einrichtungen"},"content":{"rendered":"\n<p style=\"font-size:30px\"><strong>Hirschbergl\u00e4dle:<\/strong><\/p>\n\n\n\n<p class=\"has-medium-font-size\">Lebensmittel f\u00fcr Menschen mit kleinem Einkommen.<\/p>\n\n\n\n<p class=\"has-medium-font-size\">Neue Weing\u00e4rten 18<br>71634 Ludwigsburg Eglosheim<br>Telefon: 07141 \/ 974589-45<br><br>\u00d6ffnungszeiten:<br>Dienstag und Donnerstag: 14:30 &#8211; 16:30 Uhr<\/p>\n\n\n\n<p class=\"has-medium-font-size\">Nummernvergabe: ca. 15 Min. vor der Laden\u00f6ffnungszeit<\/p>\n\n\n\n<p class=\"has-medium-font-size\">Ladenleitung: Marlies Pisko<\/p>\n\n\n\n<p style=\"font-size:30px\"><br><strong>Kinderkleiderst\u00fcble Sonnenschein:<\/strong><\/p>\n\n\n\n<div class=\"wp-block-media-text alignwide is-stacked-on-mobile\" style=\"grid-template-columns:32% auto\"><figure class=\"wp-block-media-text__media\"><img loading=\"lazy\" decoding=\"async\" width=\"1024\" height=\"318\" src=\"https:\/\/www.kath-kirche-lb.de\/st-thomas-und-johannes\/wp-content\/uploads\/sites\/8\/2022\/02\/Logo_KKS_Sonnenschein_4C-1-1024x318.jpg\" alt=\"\" class=\"wp-image-2736 size-full\" srcset=\"https:\/\/www.kath-kirche-lb.de\/st-thomas-und-johannes\/wp-content\/uploads\/sites\/8\/2022\/02\/Logo_KKS_Sonnenschein_4C-1-1024x318.jpg 1024w, https:\/\/www.kath-kirche-lb.de\/st-thomas-und-johannes\/wp-content\/uploads\/sites\/8\/2022\/02\/Logo_KKS_Sonnenschein_4C-1-300x93.jpg 300w, https:\/\/www.kath-kirche-lb.de\/st-thomas-und-johannes\/wp-content\/uploads\/sites\/8\/2022\/02\/Logo_KKS_Sonnenschein_4C-1-768x239.jpg 768w, https:\/\/www.kath-kirche-lb.de\/st-thomas-und-johannes\/wp-content\/uploads\/sites\/8\/2022\/02\/Logo_KKS_Sonnenschein_4C-1.jpg 1537w\" sizes=\"auto, (max-width: 1024px) 100vw, 1024px\" \/><\/figure><div class=\"wp-block-media-text__content\">\n<p style=\"font-size:30px\"><a href=\"http:\/\/www.kath-kirche-lb.de\/soziales\/kinderkleiderstueble\/\">Kinderkleiderst\u00fcble Sonnenschein<\/a><\/p>\n<\/div><\/div>\n\n\n\n<p><\/p>\n\n\n\n<p style=\"font-size:30px\"><strong>Mittagstisch Eglosheim:<\/strong><\/p>\n\n\n\n<div class=\"wp-block-media-text alignwide is-stacked-on-mobile\" style=\"grid-template-columns:33% auto\"><figure class=\"wp-block-media-text__media\"><img loading=\"lazy\" decoding=\"async\" width=\"723\" height=\"147\" src=\"https:\/\/www.kath-kirche-lb.de\/st-thomas-und-johannes\/wp-content\/uploads\/sites\/8\/2022\/02\/mittagstische.jpg\" alt=\"\" class=\"wp-image-2701 size-full\" srcset=\"https:\/\/www.kath-kirche-lb.de\/st-thomas-und-johannes\/wp-content\/uploads\/sites\/8\/2022\/02\/mittagstische.jpg 723w, https:\/\/www.kath-kirche-lb.de\/st-thomas-und-johannes\/wp-content\/uploads\/sites\/8\/2022\/02\/mittagstische-300x61.jpg 300w\" sizes=\"auto, (max-width: 723px) 100vw, 723px\" \/><\/figure><div class=\"wp-block-media-text__content\">\n<p style=\"font-size:30px\"><a href=\"http:\/\/www.kath-kirche-lb.de\/soziales\/mittagstische\/\">Mittagstisch Eglosheim<\/a><\/p>\n<\/div><\/div>\n\n\n\n<p><\/p>\n\n\n\n<p style=\"font-size:30px\"><strong>Nachbarschaftshilfe:<\/strong><\/p>\n\n\n\n<div class=\"wp-block-media-text alignwide is-stacked-on-mobile\" style=\"grid-template-columns:32% auto\"><figure class=\"wp-block-media-text__media\"><img loading=\"lazy\" decoding=\"async\" width=\"488\" height=\"1024\" src=\"https:\/\/www.kath-kirche-lb.de\/st-thomas-und-johannes\/wp-content\/uploads\/sites\/8\/2022\/03\/NBH_Vorderseite_Flyer-2-488x1024.jpg\" alt=\"\" class=\"wp-image-3438 size-full\" srcset=\"https:\/\/www.kath-kirche-lb.de\/st-thomas-und-johannes\/wp-content\/uploads\/sites\/8\/2022\/03\/NBH_Vorderseite_Flyer-2-488x1024.jpg 488w, https:\/\/www.kath-kirche-lb.de\/st-thomas-und-johannes\/wp-content\/uploads\/sites\/8\/2022\/03\/NBH_Vorderseite_Flyer-2-143x300.jpg 143w, https:\/\/www.kath-kirche-lb.de\/st-thomas-und-johannes\/wp-content\/uploads\/sites\/8\/2022\/03\/NBH_Vorderseite_Flyer-2.jpg 640w\" sizes=\"auto, (max-width: 488px) 100vw, 488px\" \/><\/figure><div class=\"wp-block-media-text__content\">\n<p style=\"font-size:30px\"><a href=\"http:\/\/www.kath-kirche-lb.de\/soziales\/nachbarschaftshilfe\">Nachbarschaftshilfe<\/a><\/p>\n<\/div><\/div>\n\n\n\n<p class=\"has-medium-font-size\"><\/p>\n\n\n\n<p style=\"font-size:30px\"><strong>Kath. Sozialstation Wilhelminenpflege:<\/strong><\/p>\n\n\n\n<div class=\"wp-block-media-text alignwide is-stacked-on-mobile\" style=\"grid-template-columns:31% auto\"><figure class=\"wp-block-media-text__media\"><img loading=\"lazy\" decoding=\"async\" width=\"600\" height=\"287\" src=\"https:\/\/www.kath-kirche-lb.de\/st-thomas-und-johannes\/wp-content\/uploads\/sites\/8\/2022\/02\/Logo_Wilhelminenpflege_Mai2014.jpg\" alt=\"\" class=\"wp-image-2888 size-full\" srcset=\"https:\/\/www.kath-kirche-lb.de\/st-thomas-und-johannes\/wp-content\/uploads\/sites\/8\/2022\/02\/Logo_Wilhelminenpflege_Mai2014.jpg 600w, https:\/\/www.kath-kirche-lb.de\/st-thomas-und-johannes\/wp-content\/uploads\/sites\/8\/2022\/02\/Logo_Wilhelminenpflege_Mai2014-300x144.jpg 300w\" sizes=\"auto, (max-width: 600px) 100vw, 600px\" \/><\/figure><div class=\"wp-block-media-text__content\">\n<p style=\"font-size:30px\"><a href=\"https:\/\/kath-sozialstation-wilhelminenpflege.de\/\">Wilhelminenpflege<\/a><\/p>\n<\/div><\/div>\n","protected":false},"excerpt":{"rendered":"<p>Hirschbergl\u00e4dle: Lebensmittel f\u00fcr Menschen mit kleinem Einkommen. Neue Weing\u00e4rten 1871634 Ludwigsburg EglosheimTelefon: 07141 \/ 974589-45 \u00d6ffnungszeiten:Dienstag und Donnerstag: 14:30 &#8211; 16:30 Uhr Nummernvergabe: ca. 15 Min. vor der Laden\u00f6ffnungszeit Ladenleitung: Marlies Pisko Kinderkleiderst\u00fcble Sonnenschein: Kinderkleiderst\u00fcble Sonnenschein Mittagstisch Eglosheim: Mittagstisch Eglosheim Nachbarschaftshilfe: Nachbarschaftshilfe Kath. Sozialstation Wilhelminenpflege: Wilhelminenpflege<\/p>\n","protected":false},"author":1,"featured_media":0,"parent":51,"menu_order":0,"comment_status":"closed","ping_status":"closed","template":"","meta":{"footnotes":""},"class_list":["post-108","page","type-page","status-publish","hentry"],"_links":{"self":[{"href":"https:\/\/www.kath-kirche-lb.de\/st-thomas-und-johannes\/wp-json\/wp\/v2\/pages\/108","targetHints":{"allow":["GET"]}}],"collection":[{"href":"https:\/\/www.kath-kirche-lb.de\/st-thomas-und-johannes\/wp-json\/wp\/v2\/pages"}],"about":[{"href":"https:\/\/www.kath-kirche-lb.de\/st-thomas-und-johannes\/wp-json\/wp\/v2\/types\/page"}],"author":[{"embeddable":true,"href":"https:\/\/www.kath-kirche-lb.de\/st-thomas-und-johannes\/wp-json\/wp\/v2\/users\/1"}],"replies":[{"embeddable":true,"href":"https:\/\/www.kath-kirche-lb.de\/st-thomas-und-johannes\/wp-json\/wp\/v2\/comments?post=108"}],"version-history":[{"count":47,"href":"https:\/\/www.kath-kirche-lb.de\/st-thomas-und-johannes\/wp-json\/wp\/v2\/pages\/108\/revisions"}],"predecessor-version":[{"id":11271,"href":"https:\/\/www.kath-kirche-lb.de\/st-thomas-und-johannes\/wp-json\/wp\/v2\/pages\/108\/revisions\/11271"}],"up":[{"embeddable":true,"href":"https:\/\/www.kath-kirche-lb.de\/st-thomas-und-johannes\/wp-json\/wp\/v2\/pages\/51"}],"wp:attachment":[{"href":"https:\/\/www.kath-kirche-lb.de\/st-thomas-und-johannes\/wp-json\/wp\/v2\/media?parent=108"}],"curies":[{"name":"wp","href":"https:\/\/api.w.org\/{rel}","templated":true}]}}

<p style="font-size:30px"><strong>Hirschberglädle:</strong></p>



<p class="has-medium-font-size">Lebensmittel für Menschen mit kleinem Einkommen.</p>



<p class="has-medium-font-size">Neue Weingärten 18<br>71634 Ludwigsburg Eglosheim<br>Telefon: 07141 / 974589-45<br><br>Öffnungszeiten:<br>Dienstag und Donnerstag: 14:30 &#8211; 16:30 Uhr</p>



<p class="has-medium-font-size">Nummernvergabe: ca. 15 Min. vor der Ladenöffnungszeit</p>



<p class="has-medium-font-size">Ladenleitung: Marlies Pisko</p>



<p style="font-size:30px"><br><strong>Kinderkleiderstüble Sonnenschein:</strong></p>



<div class="wp-block-media-text alignwide is-stacked-on-mobile" style="grid-template-columns:32% auto"><figure class="wp-block-media-text__media"><img loading="lazy" decoding="async" width="1024" height="318" src="https://www.kath-kirche-lb.de/st-thomas-und-johannes/wp-content/uploads/sites/8/2022/02/Logo_KKS_Sonnenschein_4C-1-1024x318.jpg" alt="" class="wp-image-2736 size-full" srcset="https://www.kath-kirche-lb.de/st-thomas-und-johannes/wp-content/uploads/sites/8/2022/02/Logo_KKS_Sonnenschein_4C-1-1024x318.jpg 1024w, https://www.kath-kirche-lb.de/st-thomas-und-johannes/wp-content/uploads/sites/8/2022/02/Logo_KKS_Sonnenschein_4C-1-300x93.jpg 300w, https://www.kath-kirche-lb.de/st-thomas-und-johannes/wp-content/uploads/sites/8/2022/02/Logo_KKS_Sonnenschein_4C-1-768x239.jpg 768w, https://www.kath-kirche-lb.de/st-thomas-und-johannes/wp-content/uploads/sites/8/2022/02/Logo_KKS_Sonnenschein_4C-1.jpg 1537w" sizes="auto, (max-width: 1024px) 100vw, 1024px" /></figure><div class="wp-block-media-text__content">
<p style="font-size:30px"><a href="http://www.kath-kirche-lb.de/soziales/kinderkleiderstueble/">Kinderkleiderstüble Sonnenschein</a></p>
</div></div>



<p></p>



<p style="font-size:30px"><strong>Mittagstisch Eglosheim:</strong></p>



<div class="wp-block-media-text alignwide is-stacked-on-mobile" style="grid-template-columns:33% auto"><figure class="wp-block-media-text__media"><img loading="lazy" decoding="async" width="723" height="147" src="https://www.kath-kirche-lb.de/st-thomas-und-johannes/wp-content/uploads/sites/8/2022/02/mittagstische.jpg" alt="" class="wp-image-2701 size-full" srcset="https://www.kath-kirche-lb.de/st-thomas-und-johannes/wp-content/uploads/sites/8/2022/02/mittagstische.jpg 723w, https://www.kath-kirche-lb.de/st-thomas-und-johannes/wp-content/uploads/sites/8/2022/02/mittagstische-300x61.jpg 300w" sizes="auto, (max-width: 723px) 100vw, 723px" /></figure><div class="wp-block-media-text__content">
<p style="font-size:30px"><a href="http://www.kath-kirche-lb.de/soziales/mittagstische/">Mittagstisch Eglosheim</a></p>
</div></div>



<p></p>



<p style="font-size:30px"><strong>Nachbarschaftshilfe:</strong></p>



<div class="wp-block-media-text alignwide is-stacked-on-mobile" style="grid-template-columns:32% auto"><figure class="wp-block-media-text__media"><img loading="lazy" decoding="async" width="488" height="1024" src="https://www.kath-kirche-lb.de/st-thomas-und-johannes/wp-content/uploads/sites/8/2022/03/NBH_Vorderseite_Flyer-2-488x1024.jpg" alt="" class="wp-image-3438 size-full" srcset="https://www.kath-kirche-lb.de/st-thomas-und-johannes/wp-content/uploads/sites/8/2022/03/NBH_Vorderseite_Flyer-2-488x1024.jpg 488w, https://www.kath-kirche-lb.de/st-thomas-und-johannes/wp-content/uploads/sites/8/2022/03/NBH_Vorderseite_Flyer-2-143x300.jpg 143w, https://www.kath-kirche-lb.de/st-thomas-und-johannes/wp-content/uploads/sites/8/2022/03/NBH_Vorderseite_Flyer-2.jpg 640w" sizes="auto, (max-width: 488px) 100vw, 488px" /></figure><div class="wp-block-media-text__content">
<p style="font-size:30px"><a href="http://www.kath-kirche-lb.de/soziales/nachbarschaftshilfe">Nachbarschaftshilfe</a></p>
</div></div>



<p class="has-medium-font-size"></p>



<p style="font-size:30px"><strong>Kath. Sozialstation Wilhelminenpflege:</strong></p>



<div class="wp-block-media-text alignwide is-stacked-on-mobile" style="grid-template-columns:31% auto"><figure class="wp-block-media-text__media"><img loading="lazy" decoding="async" width="600" height="287" src="https://www.kath-kirche-lb.de/st-thomas-und-johannes/wp-content/uploads/sites/8/2022/02/Logo_Wilhelminenpflege_Mai2014.jpg" alt="" class="wp-image-2888 size-full" srcset="https://www.kath-kirche-lb.de/st-thomas-und-johannes/wp-content/uploads/sites/8/2022/02/Logo_Wilhelminenpflege_Mai2014.jpg 600w, https://www.kath-kirche-lb.de/st-thomas-und-johannes/wp-content/uploads/sites/8/2022/02/Logo_Wilhelminenpflege_Mai2014-300x144.jpg 300w" sizes="auto, (max-width: 600px) 100vw, 600px" /></figure><div class="wp-block-media-text__content">
<p style="font-size:30px"><a href="https://kath-sozialstation-wilhelminenpflege.de/">Wilhelminenpflege</a></p>
</div></div>

<p>Hirschberglädle: Lebensmittel für Menschen mit kleinem Einkommen. Neue Weingärten 1871634 Ludwigsburg EglosheimTelefon: 07141 / 974589-45 Öffnungszeiten:Dienstag und Donnerstag: 14:30 &#8211; 16:30 Uhr Nummernvergabe: ca. 15 Min. vor der Ladenöffnungszeit Ladenleitung: Marlies Pisko Kinderkleiderstüble Sonnenschein: Kinderkleiderstüble Sonnenschein Mittagstisch Eglosheim: Mittagstisch Eglosheim Nachbarschaftshilfe: Nachbarschaftshilfe Kath. Sozialstation Wilhelminenpflege: Wilhelminenpflege</p>
