{"id":35,"date":"2021-10-02T13:44:34","date_gmt":"2021-10-02T11:44:34","guid":{"rendered":"https:\/\/www.kath-kirche-lb.de\/st-thomas-und-johannes\/?page_id=35"},"modified":"2022-11-13T12:45:33","modified_gmt":"2022-11-13T11:45:33","slug":"taufe","status":"publish","type":"page","link":"https:\/\/www.kath-kirche-lb.de\/st-thomas-und-johannes\/seelsorge\/taufe\/","title":{"rendered":"Taufe"},"content":{"rendered":"\n<p>Einzeltaufen sind Samstags und Sonntags und auf Wunsch auch in den Gottesdiensten m\u00f6glich. In Vorbereitung zur Taufe findet ein Taufgespr\u00e4ch statt, in der Regel bei Ihnen zu Hause. F\u00fcr die Taufe wird eine Kopie der Geburtsurkunde ben\u00f6tigt, alle anderen Formalit\u00e4ten werden u.a. im Taufgespr\u00e4ch besprochen. Tauforte sind die Kirche St. Thomas Morus in Eglosheim und die Kirche St. Johann in der Weststadt. Bitte nehmen Sie Kontakt auf mit Pfarrer Frank Sch\u00f6pe unter:<\/p>\n\n\n\n<p>Mail: <a href=\"mailto:frank.schoepe@drs.\">mailto:frank.schoepe@drs.<\/a>  oder per Telefon: 07141\/70208930<\/p>\n","protected":false},"excerpt":{"rendered":"<p>Einzeltaufen sind Samstags und Sonntags und auf Wunsch auch in den Gottesdiensten m\u00f6glich. In Vorbereitung zur Taufe findet ein Taufgespr\u00e4ch statt, in der Regel bei Ihnen zu Hause. F\u00fcr die Taufe wird eine Kopie der Geburtsurkunde ben\u00f6tigt, alle anderen Formalit\u00e4ten werden u.a. im Taufgespr\u00e4ch besprochen. Tauforte sind die Kirche St. Thomas Morus in Eglosheim und [&hellip;]<\/p>\n","protected":false},"author":1,"featured_media":0,"parent":33,"menu_order":0,"comment_status":"closed","ping_status":"closed","template":"","meta":{"footnotes":""},"class_list":["post-35","page","type-page","status-publish","hentry"],"_links":{"self":[{"href":"https:\/\/www.kath-kirche-lb.de\/st-thomas-und-johannes\/wp-json\/wp\/v2\/pages\/35","targetHints":{"allow":["GET"]}}],"collection":[{"href":"https:\/\/www.kath-kirche-lb.de\/st-thomas-und-johannes\/wp-json\/wp\/v2\/pages"}],"about":[{"href":"https:\/\/www.kath-kirche-lb.de\/st-thomas-und-johannes\/wp-json\/wp\/v2\/types\/page"}],"author":[{"embeddable":true,"href":"https:\/\/www.kath-kirche-lb.de\/st-thomas-und-johannes\/wp-json\/wp\/v2\/users\/1"}],"replies":[{"embeddable":true,"href":"https:\/\/www.kath-kirche-lb.de\/st-thomas-und-johannes\/wp-json\/wp\/v2\/comments?post=35"}],"version-history":[{"count":3,"href":"https:\/\/www.kath-kirche-lb.de\/st-thomas-und-johannes\/wp-json\/wp\/v2\/pages\/35\/revisions"}],"predecessor-version":[{"id":4639,"href":"https:\/\/www.kath-kirche-lb.de\/st-thomas-und-johannes\/wp-json\/wp\/v2\/pages\/35\/revisions\/4639"}],"up":[{"embeddable":true,"href":"https:\/\/www.kath-kirche-lb.de\/st-thomas-und-johannes\/wp-json\/wp\/v2\/pages\/33"}],"wp:attachment":[{"href":"https:\/\/www.kath-kirche-lb.de\/st-thomas-und-johannes\/wp-json\/wp\/v2\/media?parent=35"}],"curies":[{"name":"wp","href":"https:\/\/api.w.org\/{rel}","templated":true}]}}