{"id":43,"date":"2021-10-02T13:46:10","date_gmt":"2021-10-02T11:46:10","guid":{"rendered":"https:\/\/www.kath-kirche-lb.de\/st-thomas-und-johannes\/?page_id=43"},"modified":"2022-11-13T12:31:53","modified_gmt":"2022-11-13T11:31:53","slug":"krankensalbung","status":"publish","type":"page","link":"https:\/\/www.kath-kirche-lb.de\/st-thomas-und-johannes\/seelsorge\/krankensalbung\/","title":{"rendered":"Krankensalbung"},"content":{"rendered":"\n<p>Die Krankensalbung und die Krankenkommunion ist jeder Zeit als Sakrament der St\u00e4rkung und Hoffnung bei Ihnen zu Hause m\u00f6glich. Bitte nehmen Sie mit mir Kontakt auf.<\/p>\n\n\n\n<p>Pfarrer Frank Sch\u00f6pe:<\/p>\n\n\n\n<p>Mail:<a href=\"http:\/\/mailto;frank.schoepe@drs.de\"> <\/a><a href=\"mailto:frank.schoepe@drs.de\" data-type=\"mailto\">mailto: frank.schoepe@drs.de<\/a> oder per Telefon: 07141\/70208930.<\/p>\n","protected":false},"excerpt":{"rendered":"<p>Die Krankensalbung und die Krankenkommunion ist jeder Zeit als Sakrament der St\u00e4rkung und Hoffnung bei Ihnen zu Hause m\u00f6glich. Bitte nehmen Sie mit mir Kontakt auf. Pfarrer Frank Sch\u00f6pe: Mail: mailto: frank.schoepe@drs.de oder per Telefon: 07141\/70208930.<\/p>\n","protected":false},"author":1,"featured_media":0,"parent":33,"menu_order":0,"comment_status":"closed","ping_status":"closed","template":"","meta":{"footnotes":""},"class_list":["post-43","page","type-page","status-publish","hentry"],"_links":{"self":[{"href":"https:\/\/www.kath-kirche-lb.de\/st-thomas-und-johannes\/wp-json\/wp\/v2\/pages\/43","targetHints":{"allow":["GET"]}}],"collection":[{"href":"https:\/\/www.kath-kirche-lb.de\/st-thomas-und-johannes\/wp-json\/wp\/v2\/pages"}],"about":[{"href":"https:\/\/www.kath-kirche-lb.de\/st-thomas-und-johannes\/wp-json\/wp\/v2\/types\/page"}],"author":[{"embeddable":true,"href":"https:\/\/www.kath-kirche-lb.de\/st-thomas-und-johannes\/wp-json\/wp\/v2\/users\/1"}],"replies":[{"embeddable":true,"href":"https:\/\/www.kath-kirche-lb.de\/st-thomas-und-johannes\/wp-json\/wp\/v2\/comments?post=43"}],"version-history":[{"count":4,"href":"https:\/\/www.kath-kirche-lb.de\/st-thomas-und-johannes\/wp-json\/wp\/v2\/pages\/43\/revisions"}],"predecessor-version":[{"id":4630,"href":"https:\/\/www.kath-kirche-lb.de\/st-thomas-und-johannes\/wp-json\/wp\/v2\/pages\/43\/revisions\/4630"}],"up":[{"embeddable":true,"href":"https:\/\/www.kath-kirche-lb.de\/st-thomas-und-johannes\/wp-json\/wp\/v2\/pages\/33"}],"wp:attachment":[{"href":"https:\/\/www.kath-kirche-lb.de\/st-thomas-und-johannes\/wp-json\/wp\/v2\/media?parent=43"}],"curies":[{"name":"wp","href":"https:\/\/api.w.org\/{rel}","templated":true}]}}

<p>Die Krankensalbung und die Krankenkommunion ist jeder Zeit als Sakrament der Stärkung und Hoffnung bei Ihnen zu Hause möglich. Bitte nehmen Sie mit mir Kontakt auf.</p>



<p>Pfarrer Frank Schöpe:</p>



<p>Mail:<a href="http://mailto;frank.schoepe@drs.de"> </a><a href="mailto:frank.schoepe@drs.de" data-type="mailto">mailto: frank.schoepe@drs.de</a> oder per Telefon: 07141/70208930.</p>

<p>Die Krankensalbung und die Krankenkommunion ist jeder Zeit als Sakrament der Stärkung und Hoffnung bei Ihnen zu Hause möglich. Bitte nehmen Sie mit mir Kontakt auf. Pfarrer Frank Schöpe: Mail: mailto: frank.schoepe@drs.de oder per Telefon: 07141/70208930.</p>
