{"id":70,"date":"2021-10-02T13:53:58","date_gmt":"2021-10-02T11:53:58","guid":{"rendered":"https:\/\/www.kath-kirche-lb.de\/st-thomas-und-johannes\/?page_id=70"},"modified":"2022-03-25T10:12:20","modified_gmt":"2022-03-25T09:12:20","slug":"st-thomas-morus","status":"publish","type":"page","link":"https:\/\/www.kath-kirche-lb.de\/st-thomas-und-johannes\/unsere-kirchen\/st-thomas-morus\/","title":{"rendered":"St. Thomas Morus"},"content":{"rendered":"\n<div class=\"wp-block-media-text alignwide is-stacked-on-mobile\" style=\"grid-template-columns:30% auto\"><figure class=\"wp-block-media-text__media\"><img loading=\"lazy\" decoding=\"async\" width=\"800\" height=\"600\" src=\"https:\/\/www.kath-kirche-lb.de\/st-thomas-und-johannes\/wp-content\/uploads\/sites\/8\/2021\/10\/morus_aussen.jpg\" alt=\"\" class=\"wp-image-27 size-full\" srcset=\"https:\/\/www.kath-kirche-lb.de\/st-thomas-und-johannes\/wp-content\/uploads\/sites\/8\/2021\/10\/morus_aussen.jpg 800w, https:\/\/www.kath-kirche-lb.de\/st-thomas-und-johannes\/wp-content\/uploads\/sites\/8\/2021\/10\/morus_aussen-300x225.jpg 300w, https:\/\/www.kath-kirche-lb.de\/st-thomas-und-johannes\/wp-content\/uploads\/sites\/8\/2021\/10\/morus_aussen-768x576.jpg 768w\" sizes=\"auto, (max-width: 800px) 100vw, 800px\" \/><\/figure><div class=\"wp-block-media-text__content\">\n<p>Namenspatron der katholischen Kirche St. Thomas Morus ist der englische Lordkanzler Sir Thomas More, der seine Gewissensentscheidung mit dem Tode b\u00fc\u00dfen musste. <br>Nachdem in der 1950er Jahren immer mehr Katholiken, vor allem Vertriebene aus den ehemaligen deutschen Ostgebieten, aber auch sog. &#8222;Volksdeutsche&#8220; nach Eglosheim zogen, herrschte dringender Bedarf an einer katholischen Kirche im Stadtteil.<br>So wurde in den Jahren 1954\/55 die Thomas Morus Kirche auf dem h\u00f6chsten Punkt des Hirschbergr\u00fcckens erbaut. Auch diese Baupl\u00e4ne stammen, wie die der Kirche St. Johann, von Oberbaurat Walter Otto.<br>Der m\u00e4chtige Turm hat eine H\u00f6he von 34m.<br>1957 erhielt die Gemeinde eine Bronzeglocke als Leihgabe aus Berthelsdorf in Schlesien. Bis im Jahr 2010 bestand das Gel\u00e4ut aus dieser einen Glocke.<\/p>\n\n\n\n<p>Bischof Dr. Carl Josef Leiprecht konsekrierte das neue Gotteshaus am 9. Oktober 1955 zu Ehren des heiligen Thomas Morus.<br>Seit Juli 1962 ist St. Thomas Morus eigenst\u00e4ndige Pfarrei, die sich allerdings im Jahr 2016 mit der Gemeinde St. Johann in der Weststadt zur neuen Gemeinde St. Thomas und Johannes zusammengeschlossen hat.<\/p>\n\n\n\n<p>Im Jahr 2000 wurden zahlreiche Renovierungsarbeiten an Heizung Fu\u00dfbodenbel\u00e4gen und Bleiglasfenstern vorgenommen. Der ehemalige Beichtraum wurde zur Werktagskapelle und der Altarraum ein weiteres Mal umgestaltet. Die Ministrantensakristei wurde angebaut.<\/p>\n<\/div><\/div>\n\n\n\n<div class=\"wp-block-media-text alignwide has-media-on-the-right is-stacked-on-mobile\"><figure class=\"wp-block-media-text__media\"><\/figure><div class=\"wp-block-media-text__content\">\n<h2 class=\"wp-block-heading\">Der Innenraum heute<\/h2>\n\n\n\n<p><\/p>\n<\/div><\/div>\n\n\n\n<p>Fortsetzung folgt&#8230;<\/p>\n","protected":false},"excerpt":{"rendered":"<p>Namenspatron der katholischen Kirche St. Thomas Morus ist der englische Lordkanzler Sir Thomas More, der seine Gewissensentscheidung mit dem Tode b\u00fc\u00dfen musste. Nachdem in der 1950er Jahren immer mehr Katholiken, vor allem Vertriebene aus den ehemaligen deutschen Ostgebieten, aber auch sog. &#8222;Volksdeutsche&#8220; nach Eglosheim zogen, herrschte dringender Bedarf an einer katholischen Kirche im Stadtteil.So wurde [&hellip;]<\/p>\n","protected":false},"author":18,"featured_media":0,"parent":68,"menu_order":0,"comment_status":"closed","ping_status":"closed","template":"","meta":{"footnotes":""},"class_list":["post-70","page","type-page","status-publish","hentry"],"_links":{"self":[{"href":"https:\/\/www.kath-kirche-lb.de\/st-thomas-und-johannes\/wp-json\/wp\/v2\/pages\/70","targetHints":{"allow":["GET"]}}],"collection":[{"href":"https:\/\/www.kath-kirche-lb.de\/st-thomas-und-johannes\/wp-json\/wp\/v2\/pages"}],"about":[{"href":"https:\/\/www.kath-kirche-lb.de\/st-thomas-und-johannes\/wp-json\/wp\/v2\/types\/page"}],"author":[{"embeddable":true,"href":"https:\/\/www.kath-kirche-lb.de\/st-thomas-und-johannes\/wp-json\/wp\/v2\/users\/18"}],"replies":[{"embeddable":true,"href":"https:\/\/www.kath-kirche-lb.de\/st-thomas-und-johannes\/wp-json\/wp\/v2\/comments?post=70"}],"version-history":[{"count":5,"href":"https:\/\/www.kath-kirche-lb.de\/st-thomas-und-johannes\/wp-json\/wp\/v2\/pages\/70\/revisions"}],"predecessor-version":[{"id":3586,"href":"https:\/\/www.kath-kirche-lb.de\/st-thomas-und-johannes\/wp-json\/wp\/v2\/pages\/70\/revisions\/3586"}],"up":[{"embeddable":true,"href":"https:\/\/www.kath-kirche-lb.de\/st-thomas-und-johannes\/wp-json\/wp\/v2\/pages\/68"}],"wp:attachment":[{"href":"https:\/\/www.kath-kirche-lb.de\/st-thomas-und-johannes\/wp-json\/wp\/v2\/media?parent=70"}],"curies":[{"name":"wp","href":"https:\/\/api.w.org\/{rel}","templated":true}]}}

<div class="wp-block-media-text alignwide is-stacked-on-mobile" style="grid-template-columns:30% auto"><figure class="wp-block-media-text__media"><img loading="lazy" decoding="async" width="800" height="600" src="https://www.kath-kirche-lb.de/st-thomas-und-johannes/wp-content/uploads/sites/8/2021/10/morus_aussen.jpg" alt="" class="wp-image-27 size-full" srcset="https://www.kath-kirche-lb.de/st-thomas-und-johannes/wp-content/uploads/sites/8/2021/10/morus_aussen.jpg 800w, https://www.kath-kirche-lb.de/st-thomas-und-johannes/wp-content/uploads/sites/8/2021/10/morus_aussen-300x225.jpg 300w, https://www.kath-kirche-lb.de/st-thomas-und-johannes/wp-content/uploads/sites/8/2021/10/morus_aussen-768x576.jpg 768w" sizes="auto, (max-width: 800px) 100vw, 800px" /></figure><div class="wp-block-media-text__content">
<p>Namenspatron der katholischen Kirche St. Thomas Morus ist der englische Lordkanzler Sir Thomas More, der seine Gewissensentscheidung mit dem Tode büßen musste. <br>Nachdem in der 1950er Jahren immer mehr Katholiken, vor allem Vertriebene aus den ehemaligen deutschen Ostgebieten, aber auch sog. &#8222;Volksdeutsche&#8220; nach Eglosheim zogen, herrschte dringender Bedarf an einer katholischen Kirche im Stadtteil.<br>So wurde in den Jahren 1954/55 die Thomas Morus Kirche auf dem höchsten Punkt des Hirschbergrückens erbaut. Auch diese Baupläne stammen, wie die der Kirche St. Johann, von Oberbaurat Walter Otto.<br>Der mächtige Turm hat eine Höhe von 34m.<br>1957 erhielt die Gemeinde eine Bronzeglocke als Leihgabe aus Berthelsdorf in Schlesien. Bis im Jahr 2010 bestand das Geläut aus dieser einen Glocke.</p>



<p>Bischof Dr. Carl Josef Leiprecht konsekrierte das neue Gotteshaus am 9. Oktober 1955 zu Ehren des heiligen Thomas Morus.<br>Seit Juli 1962 ist St. Thomas Morus eigenständige Pfarrei, die sich allerdings im Jahr 2016 mit der Gemeinde St. Johann in der Weststadt zur neuen Gemeinde St. Thomas und Johannes zusammengeschlossen hat.</p>



<p>Im Jahr 2000 wurden zahlreiche Renovierungsarbeiten an Heizung Fußbodenbelägen und Bleiglasfenstern vorgenommen. Der ehemalige Beichtraum wurde zur Werktagskapelle und der Altarraum ein weiteres Mal umgestaltet. Die Ministrantensakristei wurde angebaut.</p>
</div></div>



<div class="wp-block-media-text alignwide has-media-on-the-right is-stacked-on-mobile"><figure class="wp-block-media-text__media"></figure><div class="wp-block-media-text__content">
<h2 class="wp-block-heading">Der Innenraum heute</h2>



<p></p>
</div></div>



<p>Fortsetzung folgt&#8230;</p>

<p>Namenspatron der katholischen Kirche St. Thomas Morus ist der englische Lordkanzler Sir Thomas More, der seine Gewissensentscheidung mit dem Tode büßen musste. Nachdem in der 1950er Jahren immer mehr Katholiken, vor allem Vertriebene aus den ehemaligen deutschen Ostgebieten, aber auch sog. &#8222;Volksdeutsche&#8220; nach Eglosheim zogen, herrschte dringender Bedarf an einer katholischen Kirche im Stadtteil.So wurde [&hellip;]</p>
