{"id":8,"date":"2021-10-02T13:06:47","date_gmt":"2021-10-02T11:06:47","guid":{"rendered":"https:\/\/www.kath-kirche-lb.de\/st-thomas-und-johannes\/?page_id=8"},"modified":"2026-01-16T15:22:01","modified_gmt":"2026-01-16T14:22:01","slug":"pfarrbuero","status":"publish","type":"page","link":"https:\/\/www.kath-kirche-lb.de\/st-thomas-und-johannes\/pfarrbuero\/","title":{"rendered":"Pfarrb\u00fcro"},"content":{"rendered":"\n<p><strong>\u00d6ffnungszeiten:<\/strong><br>Montag, Dienstag und Donnerstag von 10 &#8211; 12 Uhr in der Weststadt <br>Dienstag und Donnerstag von 14 &#8211; 16 Uhr in der Weststadt<br>Mittwochs von 10 &#8211; 12 Uhr (Nachmittag nach Vereinbarung) in Eglosheim<\/p>\n\n\n\n<p>Sie erreichen beide B\u00fcros zur entsprechenden \u00d6ffnungszeit unter der<br>einheitlichen Telefonnummer: (07141) 70 20 89-20<\/p>\n\n\n\n<figure class=\"wp-block-table is-style-regular\"><table><tbody><tr><td><strong>Weststadt:<\/strong><br><br><strong>Kirche St. Johann:<\/strong><br>G\u00e4nsfu\u00dfallee 22<br>71636 Ludwigsburg<\/td><td><strong>Eglosheim:<\/strong><br><br><strong>Kirche St. Thomas Morus:<\/strong><br>Hirschbergstr. 75<br>71634 Ludwigsburg<\/td><\/tr><tr><td><strong>Pfarramt Weststadt und <strong>Gemeindezentrum<\/strong>:<\/strong><a href=\"https:\/\/www.kath-kirche-lb.de\/_Kath-Kirche-alt-statisch\/www.kath-kirche-lb.de\/gemeinden-in-ludwigsburg\/st-thomasundjohannes\/_iframe%20width%3d.html\"><br><\/a>Belschnerstr. 39<br>71636 Ludwigsburg<\/td><td><strong>Pfarrb\u00fcro Eglosheim:<\/strong><a href=\"https:\/\/www.kath-kirche-lb.de\/_Kath-Kirche-alt-statisch\/www.kath-kirche-lb.de\/gemeinden-in-ludwigsburg\/st-thomasundjohannes\/_iframe%20width%3d.html\"><br><\/a>Neue Weing\u00e4rten 18<br>71634 Ludwigsburg-Eglosheim<\/td><\/tr><\/tbody><\/table><\/figure>\n\n\n\n<figure class=\"wp-block-table\"><table class=\"has-fixed-layout\"><tbody><tr><td class=\"has-text-align-center\" data-align=\"center\">Sie erreichen beide B\u00fcros \u00fcber:<br>Tel.: (07141) 70 20 89 20<br>Fax: (07141) 70 20 89 22<br><a href=\"mailto:StThomasundJohannes.Ludwigsburg@drs.de\">StThomasundJohannes.Ludwigsburg@drs.de<\/a><\/td><\/tr><\/tbody><\/table><\/figure>\n\n\n\n<figure class=\"wp-block-table\"><table class=\"has-fixed-layout\"><tbody><tr><td><strong>Pfarramtssekret\u00e4rinnen:<\/strong><br>Agata Prudlik, Beata Nowaczyk-Goy<\/td><td><strong>Pfarramtssekret\u00e4rin:<\/strong><br>Agata Prudlik<\/td><\/tr><tr><td><strong>Hausmeister\/Mesner:<\/strong><br>Weronika und Roman Rycko<br>Mobil: 01573 8586215<\/td><td><strong>Mesnerin:<\/strong><br>Klaudia Saga<br>Mobil: 0174 2800812<br><a href=\"mailto:HM-St.Thomas-Morus@kath-kirche-lb.de\">HM-St.Thomas-Morus@kath-kirche-lb.de<\/a><\/td><\/tr><tr><td><strong>Pfarrb\u00fcro der Italienischen Gemeinde<\/strong><br><strong>Sekret\u00e4rin:<\/strong> Annalucia Scanzano<br>Stra\u00dfen\u00e4cker 32<br>71634 Ludwigsburg<br>Tel.: (07141) 92 51 71<br><a href=\"mailto:italienischegemeinde.ludwigsburg@drs.de\">ItalienischeGemeinde.Ludwigsburg@drs.de<\/a><\/td><td><strong>Gemeindezentrum<\/strong><br>Stra\u00dfen\u00e4cker 32<br>71634 Ludwigsburg<br><br><br><strong>Hausmeisterin (Gemeindezentrum):<\/strong><br>Frau Rusch<br>Tel.: (07141) 3 09 98 54<br><a href=\"mailto:HM-Zentrum-Strassenaecker@kath-kirche-lb.de\">HM-Zentrum-Strassenaecker@kath-kirche-lb.de<\/a><\/td><\/tr><\/tbody><\/table><\/figure>\n\n\n\n<p><strong>Pastorale Ansprechperson:<\/strong><br>Pfarrvikar Frank Sch\u00f6pe, Tel.: (07141) 702089-30, E-Mail: <a href=\"mailto:Frank.Schoepe@drs.de\">Frank.Schoepe@drs.de<\/a><\/p>\n\n\n\n<p><strong>Konto der Kath. Kirchengemeinde St. Thomas und Johannes:<\/strong><\/p>\n\n\n\n<p>Kirchengemeindekonto und Sonder-Kollekten (bitte Verwendungszweck angeben)<br>Kreissparkasse Ludwigsburg: IBAN: DE82 6045 0050 0000 0055 55, BIC: SOLADES1LBG<\/p>\n\n\n\n<p><strong>Verwendungszweck \u2013 SEHR WICHTIG!<\/strong><br>Damit Ihre Spende\/Einzahlung unserer Kirchengemeinde zugeordnet werden kann,<br>ist es unbedingt notwendig, dass Sie unter dem Verwendungszweck den<br><strong>Namen der Kirchengemeinde<\/strong> (St. Thomas und Johannes oder abgek\u00fcrzt \u201eSTJ\u201c)<br><strong>und den Zweck<\/strong> (Kirche, Soziales, Sozialgrab, Kollekte, o. \u00c4.) angeben.<\/p>\n","protected":false},"excerpt":{"rendered":"<p>\u00d6ffnungszeiten:Montag, Dienstag und Donnerstag von 10 &#8211; 12 Uhr in der Weststadt Dienstag und Donnerstag von 14 &#8211; 16 Uhr in der WeststadtMittwochs von 10 &#8211; 12 Uhr (Nachmittag nach Vereinbarung) in Eglosheim Sie erreichen beide B\u00fcros zur entsprechenden \u00d6ffnungszeit unter dereinheitlichen Telefonnummer: (07141) 70 20 89-20 Weststadt: Kirche St. Johann:G\u00e4nsfu\u00dfallee 2271636 Ludwigsburg Eglosheim: Kirche [&hellip;]<\/p>\n","protected":false},"author":1,"featured_media":0,"parent":0,"menu_order":0,"comment_status":"closed","ping_status":"closed","template":"","meta":{"footnotes":""},"class_list":["post-8","page","type-page","status-publish","hentry"],"_links":{"self":[{"href":"https:\/\/www.kath-kirche-lb.de\/st-thomas-und-johannes\/wp-json\/wp\/v2\/pages\/8","targetHints":{"allow":["GET"]}}],"collection":[{"href":"https:\/\/www.kath-kirche-lb.de\/st-thomas-und-johannes\/wp-json\/wp\/v2\/pages"}],"about":[{"href":"https:\/\/www.kath-kirche-lb.de\/st-thomas-und-johannes\/wp-json\/wp\/v2\/types\/page"}],"author":[{"embeddable":true,"href":"https:\/\/www.kath-kirche-lb.de\/st-thomas-und-johannes\/wp-json\/wp\/v2\/users\/1"}],"replies":[{"embeddable":true,"href":"https:\/\/www.kath-kirche-lb.de\/st-thomas-und-johannes\/wp-json\/wp\/v2\/comments?post=8"}],"version-history":[{"count":25,"href":"https:\/\/www.kath-kirche-lb.de\/st-thomas-und-johannes\/wp-json\/wp\/v2\/pages\/8\/revisions"}],"predecessor-version":[{"id":11160,"href":"https:\/\/www.kath-kirche-lb.de\/st-thomas-und-johannes\/wp-json\/wp\/v2\/pages\/8\/revisions\/11160"}],"wp:attachment":[{"href":"https:\/\/www.kath-kirche-lb.de\/st-thomas-und-johannes\/wp-json\/wp\/v2\/media?parent=8"}],"curies":[{"name":"wp","href":"https:\/\/api.w.org\/{rel}","templated":true}]}}