{"id":82,"date":"2021-10-02T14:53:15","date_gmt":"2021-10-02T12:53:15","guid":{"rendered":"https:\/\/www.kath-kirche-lb.de\/st-thomas-und-johannes\/?page_id=82"},"modified":"2025-06-08T18:19:04","modified_gmt":"2025-06-08T16:19:04","slug":"ministranten","status":"publish","type":"page","link":"https:\/\/www.kath-kirche-lb.de\/st-thomas-und-johannes\/lebendige-gemeinde\/ministranten\/","title":{"rendered":"Ministranten"},"content":{"rendered":"\n<div class=\"wp-block-columns is-layout-flex wp-container-core-columns-is-layout-9d6595d7 wp-block-columns-is-layout-flex\">\n<div class=\"wp-block-column is-layout-flow wp-block-column-is-layout-flow\" style=\"flex-basis:66.66%\">\n<figure class=\"wp-block-image size-medium is-resized\"><img loading=\"lazy\" decoding=\"async\" width=\"300\" height=\"207\" src=\"https:\/\/www.kath-kirche-lb.de\/st-thomas-und-johannes\/wp-content\/uploads\/sites\/8\/2022\/02\/DSC_2631_DxO-scaled-e1645902987107-300x207.jpg\" alt=\"\" class=\"wp-image-3056\" style=\"width:648px;height:447px\" srcset=\"https:\/\/www.kath-kirche-lb.de\/st-thomas-und-johannes\/wp-content\/uploads\/sites\/8\/2022\/02\/DSC_2631_DxO-scaled-e1645902987107-300x207.jpg 300w, https:\/\/www.kath-kirche-lb.de\/st-thomas-und-johannes\/wp-content\/uploads\/sites\/8\/2022\/02\/DSC_2631_DxO-scaled-e1645902987107.jpg 567w\" sizes=\"auto, (max-width: 300px) 100vw, 300px\" \/><figcaption class=\"wp-element-caption\">Aufnahme der neuen Ministranten im roten Gewand, Herbst 2021<\/figcaption><\/figure>\n<\/div>\n\n\n\n<div class=\"wp-block-column is-layout-flow wp-block-column-is-layout-flow\" style=\"flex-basis:33.33%\">\n<figure class=\"wp-block-image size-medium is-resized\"><img loading=\"lazy\" decoding=\"async\" width=\"200\" height=\"300\" src=\"https:\/\/www.kath-kirche-lb.de\/st-thomas-und-johannes\/wp-content\/uploads\/sites\/8\/2022\/02\/DSC_0013_DxO_DxO-2-200x300.jpg\" alt=\"\" class=\"wp-image-3058\" style=\"width:248px;height:372px\" \/><figcaption class=\"wp-element-caption\">Alle Dienste gehen nur im Team<\/figcaption><\/figure>\n<\/div>\n<\/div>\n\n\n\n<p>Mini sein, bedeutet sehr viel mehr, als nur dem Pfarrer zu helfen. Wenn Corona es wieder zul\u00e4sst, trifft sich das Team ungef\u00e4hr alle sechs Wochen, etwa zum Minitreff, zur Miniprobe oder auch mal zum Schlittschuhlaufen. Einmal j\u00e4hlich gibt es eine Minifilmnacht im Gemeindesaal, ein Minisommerfest und eine Minifreizeit mit \u00dcbernachtung, z.B. auf dem Haigern oder im Schwarzhornhaus. Im Herbst verkaufen sie nach der Messe Schokoladennikol\u00e4use und Punch, zum Gemeindefest betreuen sie den Eis-Stand. Pfarrer Sch\u00f6pe k\u00fcmmert sich um die Minis. Au\u00dferdem haben sie den direkten Draht zur Jugendkirche. In der Regel entscheiden sich die Kinder nach der Erstkommunion zum Ministrantendienst. Im Hebst findet dann die feierliche Aufnahme im Rahmen der Sonntagsmesse statt. Sp\u00e4ter k\u00f6nnen sie dann Kurse zum Gruppenleiter (Kupa) besuchen und Obermini werden.<\/p>\n\n\n\n<p><strong>Ministranten-Aufnahme<\/strong><\/p>\n\n\n\n<p>Eine tolle Gemeinschaft sind unsere Ministranten und Ministrantinnen, engagiert im Dienst am Altar und auch dar\u00fcber hinaus.<\/p>\n\n\n\n<p>Am Sonntag, den <strong>20. Juli<\/strong> 2025 werden wir im Gottesdienst <strong>um 10 Uhr in St. Johann<\/strong> die neuen Ministranten in ihren Dienst und die Gemeinschaft der Ministranten aufnehmen. Wir w\u00fcnschen Ihnen viel Freude in Ihrem Dienst am Altar.<\/p>\n\n\n\n<p><\/p>\n","protected":false},"excerpt":{"rendered":"<p>Mini sein, bedeutet sehr viel mehr, als nur dem Pfarrer zu helfen. Wenn Corona es wieder zul\u00e4sst, trifft sich das Team ungef\u00e4hr alle sechs Wochen, etwa zum Minitreff, zur Miniprobe oder auch mal zum Schlittschuhlaufen. Einmal j\u00e4hlich gibt es eine Minifilmnacht im Gemeindesaal, ein Minisommerfest und eine Minifreizeit mit \u00dcbernachtung, z.B. auf dem Haigern oder [&hellip;]<\/p>\n","protected":false},"author":1,"featured_media":0,"parent":51,"menu_order":0,"comment_status":"closed","ping_status":"closed","template":"","meta":{"footnotes":""},"class_list":["post-82","page","type-page","status-publish","hentry"],"_links":{"self":[{"href":"https:\/\/www.kath-kirche-lb.de\/st-thomas-und-johannes\/wp-json\/wp\/v2\/pages\/82","targetHints":{"allow":["GET"]}}],"collection":[{"href":"https:\/\/www.kath-kirche-lb.de\/st-thomas-und-johannes\/wp-json\/wp\/v2\/pages"}],"about":[{"href":"https:\/\/www.kath-kirche-lb.de\/st-thomas-und-johannes\/wp-json\/wp\/v2\/types\/page"}],"author":[{"embeddable":true,"href":"https:\/\/www.kath-kirche-lb.de\/st-thomas-und-johannes\/wp-json\/wp\/v2\/users\/1"}],"replies":[{"embeddable":true,"href":"https:\/\/www.kath-kirche-lb.de\/st-thomas-und-johannes\/wp-json\/wp\/v2\/comments?post=82"}],"version-history":[{"count":31,"href":"https:\/\/www.kath-kirche-lb.de\/st-thomas-und-johannes\/wp-json\/wp\/v2\/pages\/82\/revisions"}],"predecessor-version":[{"id":10587,"href":"https:\/\/www.kath-kirche-lb.de\/st-thomas-und-johannes\/wp-json\/wp\/v2\/pages\/82\/revisions\/10587"}],"up":[{"embeddable":true,"href":"https:\/\/www.kath-kirche-lb.de\/st-thomas-und-johannes\/wp-json\/wp\/v2\/pages\/51"}],"wp:attachment":[{"href":"https:\/\/www.kath-kirche-lb.de\/st-thomas-und-johannes\/wp-json\/wp\/v2\/media?parent=82"}],"curies":[{"name":"wp","href":"https:\/\/api.w.org\/{rel}","templated":true}]}}

<div class="wp-block-columns is-layout-flex wp-container-core-columns-is-layout-9d6595d7 wp-block-columns-is-layout-flex">
<div class="wp-block-column is-layout-flow wp-block-column-is-layout-flow" style="flex-basis:66.66%">
<figure class="wp-block-image size-medium is-resized"><img loading="lazy" decoding="async" width="300" height="207" src="https://www.kath-kirche-lb.de/st-thomas-und-johannes/wp-content/uploads/sites/8/2022/02/DSC_2631_DxO-scaled-e1645902987107-300x207.jpg" alt="" class="wp-image-3056" style="width:648px;height:447px" srcset="https://www.kath-kirche-lb.de/st-thomas-und-johannes/wp-content/uploads/sites/8/2022/02/DSC_2631_DxO-scaled-e1645902987107-300x207.jpg 300w, https://www.kath-kirche-lb.de/st-thomas-und-johannes/wp-content/uploads/sites/8/2022/02/DSC_2631_DxO-scaled-e1645902987107.jpg 567w" sizes="auto, (max-width: 300px) 100vw, 300px" /><figcaption class="wp-element-caption">Aufnahme der neuen Ministranten im roten Gewand, Herbst 2021</figcaption></figure>
</div>



<div class="wp-block-column is-layout-flow wp-block-column-is-layout-flow" style="flex-basis:33.33%">
<figure class="wp-block-image size-medium is-resized"><img loading="lazy" decoding="async" width="200" height="300" src="https://www.kath-kirche-lb.de/st-thomas-und-johannes/wp-content/uploads/sites/8/2022/02/DSC_0013_DxO_DxO-2-200x300.jpg" alt="" class="wp-image-3058" style="width:248px;height:372px" /><figcaption class="wp-element-caption">Alle Dienste gehen nur im Team</figcaption></figure>
</div>
</div>



<p>Mini sein, bedeutet sehr viel mehr, als nur dem Pfarrer zu helfen. Wenn Corona es wieder zulässt, trifft sich das Team ungefähr alle sechs Wochen, etwa zum Minitreff, zur Miniprobe oder auch mal zum Schlittschuhlaufen. Einmal jählich gibt es eine Minifilmnacht im Gemeindesaal, ein Minisommerfest und eine Minifreizeit mit Übernachtung, z.B. auf dem Haigern oder im Schwarzhornhaus. Im Herbst verkaufen sie nach der Messe Schokoladennikoläuse und Punch, zum Gemeindefest betreuen sie den Eis-Stand. Pfarrer Schöpe kümmert sich um die Minis. Außerdem haben sie den direkten Draht zur Jugendkirche. In der Regel entscheiden sich die Kinder nach der Erstkommunion zum Ministrantendienst. Im Hebst findet dann die feierliche Aufnahme im Rahmen der Sonntagsmesse statt. Später können sie dann Kurse zum Gruppenleiter (Kupa) besuchen und Obermini werden.</p>



<p><strong>Ministranten-Aufnahme</strong></p>



<p>Eine tolle Gemeinschaft sind unsere Ministranten und Ministrantinnen, engagiert im Dienst am Altar und auch darüber hinaus.</p>



<p>Am Sonntag, den <strong>20. Juli</strong> 2025 werden wir im Gottesdienst <strong>um 10 Uhr in St. Johann</strong> die neuen Ministranten in ihren Dienst und die Gemeinschaft der Ministranten aufnehmen. Wir wünschen Ihnen viel Freude in Ihrem Dienst am Altar.</p>



<p></p>

<p>Mini sein, bedeutet sehr viel mehr, als nur dem Pfarrer zu helfen. Wenn Corona es wieder zulässt, trifft sich das Team ungefähr alle sechs Wochen, etwa zum Minitreff, zur Miniprobe oder auch mal zum Schlittschuhlaufen. Einmal jählich gibt es eine Minifilmnacht im Gemeindesaal, ein Minisommerfest und eine Minifreizeit mit Übernachtung, z.B. auf dem Haigern oder [&hellip;]</p>
