{"id":84,"date":"2021-10-02T14:53:45","date_gmt":"2021-10-02T12:53:45","guid":{"rendered":"https:\/\/www.kath-kirche-lb.de\/st-thomas-und-johannes\/?page_id=84"},"modified":"2026-03-25T23:37:42","modified_gmt":"2026-03-25T22:37:42","slug":"kindergottesdienst-und-team","status":"publish","type":"page","link":"https:\/\/www.kath-kirche-lb.de\/st-thomas-und-johannes\/lebendige-gemeinde\/kindergottesdienst-und-team\/","title":{"rendered":"Kindergottesdienste in St. Johann und St. Thomas Morus"},"content":{"rendered":"\n<div class=\"wp-block-media-text is-stacked-on-mobile\"><figure class=\"wp-block-media-text__media\"><img loading=\"lazy\" decoding=\"async\" width=\"1024\" height=\"923\" src=\"https:\/\/www.kath-kirche-lb.de\/st-thomas-und-johannes\/wp-content\/uploads\/sites\/8\/2026\/01\/KiGO_Logo-1024x923.png\" alt=\"\" class=\"wp-image-11166 size-full\" srcset=\"https:\/\/www.kath-kirche-lb.de\/st-thomas-und-johannes\/wp-content\/uploads\/sites\/8\/2026\/01\/KiGO_Logo-1024x923.png 1024w, https:\/\/www.kath-kirche-lb.de\/st-thomas-und-johannes\/wp-content\/uploads\/sites\/8\/2026\/01\/KiGO_Logo-300x270.png 300w, https:\/\/www.kath-kirche-lb.de\/st-thomas-und-johannes\/wp-content\/uploads\/sites\/8\/2026\/01\/KiGO_Logo-768x692.png 768w, https:\/\/www.kath-kirche-lb.de\/st-thomas-und-johannes\/wp-content\/uploads\/sites\/8\/2026\/01\/KiGO_Logo-1536x1384.png 1536w, https:\/\/www.kath-kirche-lb.de\/st-thomas-und-johannes\/wp-content\/uploads\/sites\/8\/2026\/01\/KiGO_Logo-2048x1846.png 2048w\" sizes=\"auto, (max-width: 1024px) 100vw, 1024px\" \/><\/figure><div class=\"wp-block-media-text__content\">\n<p><strong>Kinderkirche<\/strong> <strong>in St. Johann<\/strong> &#8211; <strong>Komm und feiere mit uns!<\/strong><\/p>\n\n\n\n<p>Du m\u00f6chtest mit anderen Kindern Gottesdienst feiern \u2013 dann bist du hier genau richtig: der Kindergottesdienst in St. Johann!<\/p>\n\n\n\n<p>Einmal im Monat und an den besonderen Festen im Kirchenjahr wie Ostern, Pfingsten, Erntedank und Weihnachten, gibt es einen solchen Gottesdienst extra f\u00fcr Euch!<\/p>\n\n\n\n<p>Gemeinsam h\u00f6ren, sehen und riechen wir sogar manchmal, was es mit der frohen Botschaft auf sich hat. Wir singen Lieder, die ihr vielleicht schon aus dem Kindergarten oder der Grundschule kennt. Auch d\u00fcrft Ihr den Gottesdienst mitgestallten und ein Gebet oder eine F\u00fcrbitte vorlesen! Gemeinsam basteln oder malen wir etwas, was Ihr sp\u00e4ter mit nach Hause nehmen d\u00fcrft!<\/p>\n<\/div><\/div>\n\n\n\n<p style=\"font-size:16px\">Wo erfahrt Ihr die Kindergottesdiensttermine? Im Schaukasten, im Gemeindebrief oder auf dieser Internetseite! Eine Anmeldung ist nicht erforderlich \u2013 komm\u2018 einfach vorbei! Wir \u2013 B\u00e4rbel Wasser, Agnes Hoffmann, Jutta Friedmann, Caroline Knitsch und Eva Danner aber auch Gisela Peter, Bettina Bauer und Brigitte Weisshaupt, &#8211; freuen uns mit Euch zu feiern!<\/p>\n\n\n\n<figure class=\"wp-block-image size-full\"><img loading=\"lazy\" decoding=\"async\" width=\"993\" height=\"669\" src=\"https:\/\/www.kath-kirche-lb.de\/st-thomas-und-johannes\/wp-content\/uploads\/sites\/8\/2022\/08\/grafik.png\" alt=\"\" class=\"wp-image-4368\" srcset=\"https:\/\/www.kath-kirche-lb.de\/st-thomas-und-johannes\/wp-content\/uploads\/sites\/8\/2022\/08\/grafik.png 993w, https:\/\/www.kath-kirche-lb.de\/st-thomas-und-johannes\/wp-content\/uploads\/sites\/8\/2022\/08\/grafik-300x202.png 300w, https:\/\/www.kath-kirche-lb.de\/st-thomas-und-johannes\/wp-content\/uploads\/sites\/8\/2022\/08\/grafik-768x517.png 768w\" sizes=\"auto, (max-width: 993px) 100vw, 993px\" \/><\/figure>\n\n\n\n<p class=\"has-vivid-cyan-blue-color has-text-color has-link-color has-large-font-size wp-elements-546031a8a10c2ca11f14233b30d91291\"><strong>Kindergottesdienste in St. Johann<\/strong><\/p>\n\n\n\n<div class=\"mec-wrap mec-skin-list-container  \" id=\"mec_skin_3095\">\r\n\r\n    \r\n        <div class=\"mec-skin-list-events-container\" id=\"mec_skin_events_3095\">\r\n        Keine Veranstaltung gefunden    <\/div>\r\n    \r\n    \r\n<\/div>\r\n\n\n\n\n<p><\/p>\n\n\n\n<p class=\"has-vivid-green-cyan-color has-text-color has-link-color has-large-font-size wp-elements-ddeff6c37f137fac91438c398a82d3be\"><strong>Kindergottesdienste in St. Thomas Morus<\/strong><\/p>\n\n\n\n<div class=\"mec-wrap mec-skin-list-container  \" id=\"mec_skin_4380\">\r\n\r\n    \r\n            <div class=\"mec-skin-list-events-container\" id=\"mec_skin_events_4380\">\r\n        <div class=\"mec-wrap colorskin-custom\">\r\n\t<div class=\"mec-event-list-modern\">\r\n\t\t\r\n                        <div class=\"mec-month-divider\" data-toggle-divider=\"mec-toggle-202605-4380\"><h5 style=\"display: inline;\">Mai 2026<\/h5><i class=\"mec-sl-arrow-down\"><\/i><\/div>\r\n            \r\n                        <article class=\"mec-event-article  mec-clear  mec-divider-toggle mec-toggle-202605-4380\" itemscope>\r\n                                    <div class=\"col-md-2 col-sm-2\">\r\n\r\n                                                <div class=\"mec-event-date\">\r\n                            <div class=\"event-d mec-color\">24<\/div>\r\n                            <div class=\"event-f\">Mai<\/div>\r\n                            <div class=\"event-da\">Sonntag<\/div>\r\n                        <\/div>\r\n                                            <\/div>\r\n                    <div class=\"col-md-6 col-sm-6\">\r\n                                                                        <h4 class=\"mec-event-title\"><a class=\"mec-color-hover\" data-event-id=\"11297\" href=\"https:\/\/www.kath-kirche-lb.de\/st-thomas-und-johannes\/events\/kindergottesdienst-st-thomas-morus-6-487-937-645\/\" target=\"_self\" rel=\"noopener\">Kindergottesdienst St. Thomas Morus<\/a><\/h4>\r\n                                                <div class=\"mec-event-detail\">\r\n                            <div class=\"mec-event-loc-place\">Kirche St. Thomas Morus (St. Thomas und Johannes) | Hirschbergstr. 75 71634 Ludwigsburg<\/div>\r\n                            <div class=\"mec-time-details\"><span class=\"mec-start-time\">10:00<\/span> - <span class=\"mec-end-time\">11:00<\/span><\/div>                                                                                                            <\/div>\r\n                        <ul class=\"mec-event-sharing\"><\/ul>\r\n                    <\/div>\r\n                    <div class=\"col-md-4 col-sm-4 mec-btn-wrapper\">\r\n                                                <a class=\"mec-booking-button\" data-event-id=\"11297\" href=\"https:\/\/www.kath-kirche-lb.de\/st-thomas-und-johannes\/events\/kindergottesdienst-st-thomas-morus-6-487-937-645\/\" target=\"_self\" rel=\"noopener\">Details anzeigen<\/a>                                            <\/div>\r\n                            <\/article>\r\n            \t\t\r\n                        <div class=\"mec-month-divider\" data-toggle-divider=\"mec-toggle-202606-4380\"><h5 style=\"display: inline;\">Juni 2026<\/h5><i class=\"mec-sl-arrow-down\"><\/i><\/div>\r\n            \r\n                        <article class=\"mec-event-article  mec-clear  mec-divider-toggle mec-toggle-202606-4380\" itemscope>\r\n                                    <div class=\"col-md-2 col-sm-2\">\r\n\r\n                                                <div class=\"mec-event-date\">\r\n                            <div class=\"event-d mec-color\">21<\/div>\r\n                            <div class=\"event-f\">Juni<\/div>\r\n                            <div class=\"event-da\">Sonntag<\/div>\r\n                        <\/div>\r\n                                            <\/div>\r\n                    <div class=\"col-md-6 col-sm-6\">\r\n                                                                        <h4 class=\"mec-event-title\"><a class=\"mec-color-hover\" data-event-id=\"11298\" href=\"https:\/\/www.kath-kirche-lb.de\/st-thomas-und-johannes\/events\/kindergottesdienst-st-thomas-morus-6-487-937-645-181\/\" target=\"_self\" rel=\"noopener\">Kindergottesdienst St. Thomas Morus<\/a><\/h4>\r\n                                                <div class=\"mec-event-detail\">\r\n                            <div class=\"mec-event-loc-place\">Kirche St. Thomas Morus (St. Thomas und Johannes) | Hirschbergstr. 75 71634 Ludwigsburg<\/div>\r\n                            <div class=\"mec-time-details\"><span class=\"mec-start-time\">10:00<\/span> - <span class=\"mec-end-time\">11:00<\/span><\/div>                                                                                                            <\/div>\r\n                        <ul class=\"mec-event-sharing\"><\/ul>\r\n                    <\/div>\r\n                    <div class=\"col-md-4 col-sm-4 mec-btn-wrapper\">\r\n                                                <a class=\"mec-booking-button\" data-event-id=\"11298\" href=\"https:\/\/www.kath-kirche-lb.de\/st-thomas-und-johannes\/events\/kindergottesdienst-st-thomas-morus-6-487-937-645-181\/\" target=\"_self\" rel=\"noopener\">Details anzeigen<\/a>                                            <\/div>\r\n                            <\/article>\r\n            \t\t\t<\/div>\r\n<\/div>\r\n\r\n    <\/div>\r\n    <div class=\"mec-skin-list-no-events-container mec-util-hidden\" id=\"mec_skin_no_events_4380\">\r\n        Keine Veranstaltung gefunden    <\/div>\r\n    \r\n    \r\n<\/div>\r\n\n\n\n\n<p><\/p>\n","protected":false},"excerpt":{"rendered":"<p>Kinderkirche in St. Johann &#8211; Komm und feiere mit uns! Du m\u00f6chtest mit anderen Kindern Gottesdienst feiern \u2013 dann bist du hier genau richtig: der Kindergottesdienst in St. Johann! Einmal im Monat und an den besonderen Festen im Kirchenjahr wie Ostern, Pfingsten, Erntedank und Weihnachten, gibt es einen solchen Gottesdienst extra f\u00fcr Euch! Gemeinsam h\u00f6ren, [&hellip;]<\/p>\n","protected":false},"author":1,"featured_media":0,"parent":51,"menu_order":0,"comment_status":"closed","ping_status":"closed","template":"","meta":{"footnotes":""},"class_list":["post-84","page","type-page","status-publish","hentry"],"_links":{"self":[{"href":"https:\/\/www.kath-kirche-lb.de\/st-thomas-und-johannes\/wp-json\/wp\/v2\/pages\/84","targetHints":{"allow":["GET"]}}],"collection":[{"href":"https:\/\/www.kath-kirche-lb.de\/st-thomas-und-johannes\/wp-json\/wp\/v2\/pages"}],"about":[{"href":"https:\/\/www.kath-kirche-lb.de\/st-thomas-und-johannes\/wp-json\/wp\/v2\/types\/page"}],"author":[{"embeddable":true,"href":"https:\/\/www.kath-kirche-lb.de\/st-thomas-und-johannes\/wp-json\/wp\/v2\/users\/1"}],"replies":[{"embeddable":true,"href":"https:\/\/www.kath-kirche-lb.de\/st-thomas-und-johannes\/wp-json\/wp\/v2\/comments?post=84"}],"version-history":[{"count":27,"href":"https:\/\/www.kath-kirche-lb.de\/st-thomas-und-johannes\/wp-json\/wp\/v2\/pages\/84\/revisions"}],"predecessor-version":[{"id":11276,"href":"https:\/\/www.kath-kirche-lb.de\/st-thomas-und-johannes\/wp-json\/wp\/v2\/pages\/84\/revisions\/11276"}],"up":[{"embeddable":true,"href":"https:\/\/www.kath-kirche-lb.de\/st-thomas-und-johannes\/wp-json\/wp\/v2\/pages\/51"}],"wp:attachment":[{"href":"https:\/\/www.kath-kirche-lb.de\/st-thomas-und-johannes\/wp-json\/wp\/v2\/media?parent=84"}],"curies":[{"name":"wp","href":"https:\/\/api.w.org\/{rel}","templated":true}]}}

<div class="wp-block-media-text is-stacked-on-mobile"><figure class="wp-block-media-text__media"><img loading="lazy" decoding="async" width="1024" height="923" src="https://www.kath-kirche-lb.de/st-thomas-und-johannes/wp-content/uploads/sites/8/2026/01/KiGO_Logo-1024x923.png" alt="" class="wp-image-11166 size-full" srcset="https://www.kath-kirche-lb.de/st-thomas-und-johannes/wp-content/uploads/sites/8/2026/01/KiGO_Logo-1024x923.png 1024w, https://www.kath-kirche-lb.de/st-thomas-und-johannes/wp-content/uploads/sites/8/2026/01/KiGO_Logo-300x270.png 300w, https://www.kath-kirche-lb.de/st-thomas-und-johannes/wp-content/uploads/sites/8/2026/01/KiGO_Logo-768x692.png 768w, https://www.kath-kirche-lb.de/st-thomas-und-johannes/wp-content/uploads/sites/8/2026/01/KiGO_Logo-1536x1384.png 1536w, https://www.kath-kirche-lb.de/st-thomas-und-johannes/wp-content/uploads/sites/8/2026/01/KiGO_Logo-2048x1846.png 2048w" sizes="auto, (max-width: 1024px) 100vw, 1024px" /></figure><div class="wp-block-media-text__content">
<p><strong>Kinderkirche</strong> <strong>in St. Johann</strong> &#8211; <strong>Komm und feiere mit uns!</strong></p>



<p>Du möchtest mit anderen Kindern Gottesdienst feiern – dann bist du hier genau richtig: der Kindergottesdienst in St. Johann!</p>



<p>Einmal im Monat und an den besonderen Festen im Kirchenjahr wie Ostern, Pfingsten, Erntedank und Weihnachten, gibt es einen solchen Gottesdienst extra für Euch!</p>



<p>Gemeinsam hören, sehen und riechen wir sogar manchmal, was es mit der frohen Botschaft auf sich hat. Wir singen Lieder, die ihr vielleicht schon aus dem Kindergarten oder der Grundschule kennt. Auch dürft Ihr den Gottesdienst mitgestallten und ein Gebet oder eine Fürbitte vorlesen! Gemeinsam basteln oder malen wir etwas, was Ihr später mit nach Hause nehmen dürft!</p>
</div></div>



<p style="font-size:16px">Wo erfahrt Ihr die Kindergottesdiensttermine? Im Schaukasten, im Gemeindebrief oder auf dieser Internetseite! Eine Anmeldung ist nicht erforderlich – komm‘ einfach vorbei! Wir – Bärbel Wasser, Agnes Hoffmann, Jutta Friedmann, Caroline Knitsch und Eva Danner aber auch Gisela Peter, Bettina Bauer und Brigitte Weisshaupt, &#8211; freuen uns mit Euch zu feiern!</p>



<figure class="wp-block-image size-full"><img loading="lazy" decoding="async" width="993" height="669" src="https://www.kath-kirche-lb.de/st-thomas-und-johannes/wp-content/uploads/sites/8/2022/08/grafik.png" alt="" class="wp-image-4368" srcset="https://www.kath-kirche-lb.de/st-thomas-und-johannes/wp-content/uploads/sites/8/2022/08/grafik.png 993w, https://www.kath-kirche-lb.de/st-thomas-und-johannes/wp-content/uploads/sites/8/2022/08/grafik-300x202.png 300w, https://www.kath-kirche-lb.de/st-thomas-und-johannes/wp-content/uploads/sites/8/2022/08/grafik-768x517.png 768w" sizes="auto, (max-width: 993px) 100vw, 993px" /></figure>



<p class="has-vivid-cyan-blue-color has-text-color has-link-color has-large-font-size wp-elements-546031a8a10c2ca11f14233b30d91291"><strong>Kindergottesdienste in St. Johann</strong></p>



<div class="mec-wrap mec-skin-list-container  " id="mec_skin_3095">

    
        <div class="mec-skin-list-events-container" id="mec_skin_events_3095">
        Keine Veranstaltung gefunden    </div>
    
    
</div>




<p></p>



<p class="has-vivid-green-cyan-color has-text-color has-link-color has-large-font-size wp-elements-ddeff6c37f137fac91438c398a82d3be"><strong>Kindergottesdienste in St. Thomas Morus</strong></p>



<div class="mec-wrap mec-skin-list-container  " id="mec_skin_4380">

    
            <div class="mec-skin-list-events-container" id="mec_skin_events_4380">
        <div class="mec-wrap colorskin-custom">
	<div class="mec-event-list-modern">
		
                        <div class="mec-month-divider" data-toggle-divider="mec-toggle-202605-4380"><h5 style="display: inline;">Mai 2026</h5><i class="mec-sl-arrow-down"></i></div>
            
                        <article class="mec-event-article  mec-clear  mec-divider-toggle mec-toggle-202605-4380" itemscope>
                                    <div class="col-md-2 col-sm-2">

                                                <div class="mec-event-date">
                            <div class="event-d mec-color">24</div>
                            <div class="event-f">Mai</div>
                            <div class="event-da">Sonntag</div>
                        </div>
                                            </div>
                    <div class="col-md-6 col-sm-6">
                                                                        <h4 class="mec-event-title"><a class="mec-color-hover" data-event-id="11297" href="https://www.kath-kirche-lb.de/st-thomas-und-johannes/events/kindergottesdienst-st-thomas-morus-6-487-937-645/" target="_self" rel="noopener">Kindergottesdienst St. Thomas Morus</a></h4>
                                                <div class="mec-event-detail">
                            <div class="mec-event-loc-place">Kirche St. Thomas Morus (St. Thomas und Johannes) | Hirschbergstr. 75 71634 Ludwigsburg</div>
                            <div class="mec-time-details"><span class="mec-start-time">10:00</span> - <span class="mec-end-time">11:00</span></div>                                                                                                            </div>
                        <ul class="mec-event-sharing"></ul>
                    </div>
                    <div class="col-md-4 col-sm-4 mec-btn-wrapper">
                                                <a class="mec-booking-button" data-event-id="11297" href="https://www.kath-kirche-lb.de/st-thomas-und-johannes/events/kindergottesdienst-st-thomas-morus-6-487-937-645/" target="_self" rel="noopener">Details anzeigen</a>                                            </div>
                            </article>
            		
                        <div class="mec-month-divider" data-toggle-divider="mec-toggle-202606-4380"><h5 style="display: inline;">Juni 2026</h5><i class="mec-sl-arrow-down"></i></div>
            
                        <article class="mec-event-article  mec-clear  mec-divider-toggle mec-toggle-202606-4380" itemscope>
                                    <div class="col-md-2 col-sm-2">

                                                <div class="mec-event-date">
                            <div class="event-d mec-color">21</div>
                            <div class="event-f">Juni</div>
                            <div class="event-da">Sonntag</div>
                        </div>
                                            </div>
                    <div class="col-md-6 col-sm-6">
                                                                        <h4 class="mec-event-title"><a class="mec-color-hover" data-event-id="11298" href="https://www.kath-kirche-lb.de/st-thomas-und-johannes/events/kindergottesdienst-st-thomas-morus-6-487-937-645-181/" target="_self" rel="noopener">Kindergottesdienst St. Thomas Morus</a></h4>
                                                <div class="mec-event-detail">
                            <div class="mec-event-loc-place">Kirche St. Thomas Morus (St. Thomas und Johannes) | Hirschbergstr. 75 71634 Ludwigsburg</div>
                            <div class="mec-time-details"><span class="mec-start-time">10:00</span> - <span class="mec-end-time">11:00</span></div>                                                                                                            </div>
                        <ul class="mec-event-sharing"></ul>
                    </div>
                    <div class="col-md-4 col-sm-4 mec-btn-wrapper">
                                                <a class="mec-booking-button" data-event-id="11298" href="https://www.kath-kirche-lb.de/st-thomas-und-johannes/events/kindergottesdienst-st-thomas-morus-6-487-937-645-181/" target="_self" rel="noopener">Details anzeigen</a>                                            </div>
                            </article>
            			</div>
</div>

    </div>
    <div class="mec-skin-list-no-events-container mec-util-hidden" id="mec_skin_no_events_4380">
        Keine Veranstaltung gefunden    </div>
    
    
</div>




<p></p>

<p>Kinderkirche in St. Johann &#8211; Komm und feiere mit uns! Du möchtest mit anderen Kindern Gottesdienst feiern – dann bist du hier genau richtig: der Kindergottesdienst in St. Johann! Einmal im Monat und an den besonderen Festen im Kirchenjahr wie Ostern, Pfingsten, Erntedank und Weihnachten, gibt es einen solchen Gottesdienst extra für Euch! Gemeinsam hören, [&hellip;]</p>
